{"id":3524,"date":"2023-03-22T14:45:34","date_gmt":"2023-03-22T13:45:34","guid":{"rendered":"https:\/\/lire-ecrire-compter.com\/?post_type=product&#038;p=3524"},"modified":"2026-04-08T22:31:25","modified_gmt":"2026-04-08T20:31:25","slug":"le-bon-indice","status":"publish","type":"product","link":"https:\/\/lire-ecrire-compter.com\/?product=le-bon-indice","title":{"rendered":"Le Bon Indice"},"content":{"rendered":"<p><span style=\"color: #92d001;\"><strong>BUT DU JEU :<\/strong><\/span><br \/>\n<span style=\"color: #92d001;\"><strong>Trouver la r\u00e9ponse \u00e0 cinq \u00e9nigmes en rep\u00e9rant des indices dans un texte<\/strong>. Le premier joueur ayant valid\u00e9 cinq r\u00e9ponses correctes a gagn\u00e9.<\/span><\/p>\n<p><span style=\"color: #ff5b72;\"><strong>COMPOSITION :<\/strong><\/span><br \/>\n<span style=\"color: #ff5b72;\">Il est compos\u00e9 de <strong>44 cartes \u00e9nigmes, 44 cartes indices, 44 cartes d\u00e9finitions (jokers), 3 cartes\u00a0\u00bb\u00e9tiquettes\u00a0\u00bb et 44 jetons r\u00e9ponses.<\/strong><\/span><strong><br \/>\n<\/strong><\/p>\n<p><span style=\"color: #46acbf;\"><strong>OBJECTIFS :<\/strong><\/span><br \/>\n<span style=\"color: #46acbf;\">Ce jeu a pour but d&rsquo;aider \u00e0 am\u00e9liorer la compr\u00e9hension en lecture. Il s&rsquo;agit, d&rsquo;une part, d&rsquo;apprendre \u00e0 inf\u00e9rer et, d&rsquo;autre part, de d\u00e9velopper de nouvelles strat\u00e9gies en s&rsquo;appuyant sur les associations fonctionnelles. Il faudra aussi parfois faire interagir sens et indices morphosyntaxiques pour choisir un mot.<\/span><\/p>\n","protected":false},"excerpt":{"rendered":"<p>BUT DU JEU : Trouver la r\u00e9ponse \u00e0 cinq \u00e9nigmes en rep\u00e9rant des indices dans un texte. Le premier joueur ayant valid\u00e9 cinq r\u00e9ponses correctes a gagn\u00e9. COMPOSITION : Il est compos\u00e9 de 44 cartes \u00e9nigmes, 44 cartes indices, 44 cartes d\u00e9finitions (jokers), 3 cartes\u00a0\u00bb\u00e9tiquettes\u00a0\u00bb&#8230;<\/p>\n","protected":false},"featured_media":3522,"comment_status":"open","ping_status":"closed","template":"","meta":{"give_campaign_id":0,"om_disable_all_campaigns":false,"_monsterinsights_skip_tracking":false,"_monsterinsights_sitenote_active":false,"_monsterinsights_sitenote_note":"","_monsterinsights_sitenote_category":0,"_uf_show_specific_survey":0,"_uf_disable_surveys":false},"product_brand":[],"product_cat":[151,152,147,98,146],"product_tag":[122,137],"class_list":{"0":"post-3524","1":"product","2":"type-product","3":"status-publish","4":"has-post-thumbnail","6":"product_cat-ce2","7":"product_cat-cm1-cm2","8":"product_cat-jeux","9":"product_cat-jeux-autour-de-la-lecture","10":"product_cat-nouveautes","11":"product_tag-anticiper-inferer-et-comprendre","12":"product_tag-travailler-le-balayage-visuel","14":"first","15":"instock","16":"downloadable","17":"virtual","18":"product-type-simple"},"yoast_head":"<!-- This site is optimized with the Yoast SEO plugin v27.1.1 - https:\/\/yoast.com\/product\/yoast-seo-wordpress\/ -->\n<title>Le Bon Indice - Lire \u00e9crire compter<\/title>\n<meta name=\"description\" content=\"Ce jeu travaille la compr\u00e9hension en lecture et plus particuli\u00e8rement la compr\u00e9hension de l&#039;implicite.\" \/>\n<meta name=\"robots\" content=\"index, follow, max-snippet:-1, max-image-preview:large, max-video-preview:-1\" \/>\n<link rel=\"canonical\" href=\"https:\/\/lire-ecrire-compter.com\/?product=le-bon-indice\" \/>\n<meta property=\"og:locale\" content=\"fr_FR\" \/>\n<meta property=\"og:type\" content=\"article\" \/>\n<meta property=\"og:title\" content=\"Le Bon Indice - Lire \u00e9crire compter\" \/>\n<meta property=\"og:description\" content=\"Ce jeu travaille la compr\u00e9hension en lecture et plus particuli\u00e8rement la compr\u00e9hension de l&#039;implicite.\" \/>\n<meta property=\"og:url\" content=\"https:\/\/lire-ecrire-compter.com\/?product=le-bon-indice\" \/>\n<meta property=\"og:site_name\" content=\"Lire \u00e9crire compter\" \/>\n<meta property=\"article:modified_time\" content=\"2026-04-08T20:31:25+00:00\" \/>\n<meta property=\"og:image\" content=\"https:\/\/lire-ecrire-compter.com\/wp-content\/uploads\/2023\/03\/img_e0230-scaled-e1679491093232.jpg\" \/>\n\t<meta property=\"og:image:width\" content=\"1200\" \/>\n\t<meta property=\"og:image:height\" content=\"1200\" \/>\n\t<meta property=\"og:image:type\" content=\"image\/jpeg\" \/>\n<meta name=\"twitter:card\" content=\"summary_large_image\" \/>\n<meta name=\"twitter:label1\" content=\"Dur\u00e9e de lecture estim\u00e9e\" \/>\n\t<meta name=\"twitter:data1\" content=\"1 minute\" \/>\n<script type=\"application\/ld+json\" class=\"yoast-schema-graph\">{\"@context\":\"https:\/\/schema.org\",\"@graph\":[{\"@type\":\"WebPage\",\"@id\":\"https:\/\/lire-ecrire-compter.com\/?product=le-bon-indice\",\"url\":\"https:\/\/lire-ecrire-compter.com\/?product=le-bon-indice\",\"name\":\"Le Bon Indice - Lire \u00e9crire compter\",\"isPartOf\":{\"@id\":\"https:\/\/lire-ecrire-compter.com\/#website\"},\"primaryImageOfPage\":{\"@id\":\"https:\/\/lire-ecrire-compter.com\/?product=le-bon-indice#primaryimage\"},\"image\":{\"@id\":\"https:\/\/lire-ecrire-compter.com\/?product=le-bon-indice#primaryimage\"},\"thumbnailUrl\":\"https:\/\/lire-ecrire-compter.com\/wp-content\/uploads\/2023\/03\/img_e0230-scaled-e1679491093232.jpg\",\"datePublished\":\"2023-03-22T13:45:34+00:00\",\"dateModified\":\"2026-04-08T20:31:25+00:00\",\"description\":\"Ce jeu travaille la compr\u00e9hension en lecture et plus particuli\u00e8rement la compr\u00e9hension de l'implicite.\",\"breadcrumb\":{\"@id\":\"https:\/\/lire-ecrire-compter.com\/?product=le-bon-indice#breadcrumb\"},\"inLanguage\":\"fr-FR\",\"potentialAction\":[{\"@type\":\"ReadAction\",\"target\":[\"https:\/\/lire-ecrire-compter.com\/?product=le-bon-indice\"]}]},{\"@type\":\"ImageObject\",\"inLanguage\":\"fr-FR\",\"@id\":\"https:\/\/lire-ecrire-compter.com\/?product=le-bon-indice#primaryimage\",\"url\":\"https:\/\/lire-ecrire-compter.com\/wp-content\/uploads\/2023\/03\/img_e0230-scaled-e1679491093232.jpg\",\"contentUrl\":\"https:\/\/lire-ecrire-compter.com\/wp-content\/uploads\/2023\/03\/img_e0230-scaled-e1679491093232.jpg\",\"width\":1200,\"height\":1200},{\"@type\":\"BreadcrumbList\",\"@id\":\"https:\/\/lire-ecrire-compter.com\/?product=le-bon-indice#breadcrumb\",\"itemListElement\":[{\"@type\":\"ListItem\",\"position\":1,\"name\":\"Accueil\",\"item\":\"https:\/\/lire-ecrire-compter.com\/\"},{\"@type\":\"ListItem\",\"position\":2,\"name\":\"La bo\u00eete \u00e0 jeux\",\"item\":\"https:\/\/lire-ecrire-compter.com\/?page_id=747\"},{\"@type\":\"ListItem\",\"position\":3,\"name\":\"Le Bon Indice\"}]},{\"@type\":\"WebSite\",\"@id\":\"https:\/\/lire-ecrire-compter.com\/#website\",\"url\":\"https:\/\/lire-ecrire-compter.com\/\",\"name\":\"Lire \u00e9crire compter\",\"description\":\"Jouer pour apprendre\",\"potentialAction\":[{\"@type\":\"SearchAction\",\"target\":{\"@type\":\"EntryPoint\",\"urlTemplate\":\"https:\/\/lire-ecrire-compter.com\/?s={search_term_string}\"},\"query-input\":{\"@type\":\"PropertyValueSpecification\",\"valueRequired\":true,\"valueName\":\"search_term_string\"}}],\"inLanguage\":\"fr-FR\"}]}<\/script>\n<!-- \/ Yoast SEO plugin. -->","yoast_head_json":{"title":"Le Bon Indice - Lire \u00e9crire compter","description":"Ce jeu travaille la compr\u00e9hension en lecture et plus particuli\u00e8rement la compr\u00e9hension de l'implicite.","robots":{"index":"index","follow":"follow","max-snippet":"max-snippet:-1","max-image-preview":"max-image-preview:large","max-video-preview":"max-video-preview:-1"},"canonical":"https:\/\/lire-ecrire-compter.com\/?product=le-bon-indice","og_locale":"fr_FR","og_type":"article","og_title":"Le Bon Indice - Lire \u00e9crire compter","og_description":"Ce jeu travaille la compr\u00e9hension en lecture et plus particuli\u00e8rement la compr\u00e9hension de l'implicite.","og_url":"https:\/\/lire-ecrire-compter.com\/?product=le-bon-indice","og_site_name":"Lire \u00e9crire compter","article_modified_time":"2026-04-08T20:31:25+00:00","og_image":[{"width":1200,"height":1200,"url":"https:\/\/lire-ecrire-compter.com\/wp-content\/uploads\/2023\/03\/img_e0230-scaled-e1679491093232.jpg","type":"image\/jpeg"}],"twitter_card":"summary_large_image","twitter_misc":{"Dur\u00e9e de lecture estim\u00e9e":"1 minute"},"schema":{"@context":"https:\/\/schema.org","@graph":[{"@type":"WebPage","@id":"https:\/\/lire-ecrire-compter.com\/?product=le-bon-indice","url":"https:\/\/lire-ecrire-compter.com\/?product=le-bon-indice","name":"Le Bon Indice - Lire \u00e9crire compter","isPartOf":{"@id":"https:\/\/lire-ecrire-compter.com\/#website"},"primaryImageOfPage":{"@id":"https:\/\/lire-ecrire-compter.com\/?product=le-bon-indice#primaryimage"},"image":{"@id":"https:\/\/lire-ecrire-compter.com\/?product=le-bon-indice#primaryimage"},"thumbnailUrl":"https:\/\/lire-ecrire-compter.com\/wp-content\/uploads\/2023\/03\/img_e0230-scaled-e1679491093232.jpg","datePublished":"2023-03-22T13:45:34+00:00","dateModified":"2026-04-08T20:31:25+00:00","description":"Ce jeu travaille la compr\u00e9hension en lecture et plus particuli\u00e8rement la compr\u00e9hension de l'implicite.","breadcrumb":{"@id":"https:\/\/lire-ecrire-compter.com\/?product=le-bon-indice#breadcrumb"},"inLanguage":"fr-FR","potentialAction":[{"@type":"ReadAction","target":["https:\/\/lire-ecrire-compter.com\/?product=le-bon-indice"]}]},{"@type":"ImageObject","inLanguage":"fr-FR","@id":"https:\/\/lire-ecrire-compter.com\/?product=le-bon-indice#primaryimage","url":"https:\/\/lire-ecrire-compter.com\/wp-content\/uploads\/2023\/03\/img_e0230-scaled-e1679491093232.jpg","contentUrl":"https:\/\/lire-ecrire-compter.com\/wp-content\/uploads\/2023\/03\/img_e0230-scaled-e1679491093232.jpg","width":1200,"height":1200},{"@type":"BreadcrumbList","@id":"https:\/\/lire-ecrire-compter.com\/?product=le-bon-indice#breadcrumb","itemListElement":[{"@type":"ListItem","position":1,"name":"Accueil","item":"https:\/\/lire-ecrire-compter.com\/"},{"@type":"ListItem","position":2,"name":"La bo\u00eete \u00e0 jeux","item":"https:\/\/lire-ecrire-compter.com\/?page_id=747"},{"@type":"ListItem","position":3,"name":"Le Bon Indice"}]},{"@type":"WebSite","@id":"https:\/\/lire-ecrire-compter.com\/#website","url":"https:\/\/lire-ecrire-compter.com\/","name":"Lire \u00e9crire compter","description":"Jouer pour apprendre","potentialAction":[{"@type":"SearchAction","target":{"@type":"EntryPoint","urlTemplate":"https:\/\/lire-ecrire-compter.com\/?s={search_term_string}"},"query-input":{"@type":"PropertyValueSpecification","valueRequired":true,"valueName":"search_term_string"}}],"inLanguage":"fr-FR"}]}},"_links":{"self":[{"href":"https:\/\/lire-ecrire-compter.com\/index.php?rest_route=\/wp\/v2\/product\/3524","targetHints":{"allow":["GET"]}}],"collection":[{"href":"https:\/\/lire-ecrire-compter.com\/index.php?rest_route=\/wp\/v2\/product"}],"about":[{"href":"https:\/\/lire-ecrire-compter.com\/index.php?rest_route=\/wp\/v2\/types\/product"}],"replies":[{"embeddable":true,"href":"https:\/\/lire-ecrire-compter.com\/index.php?rest_route=%2Fwp%2Fv2%2Fcomments&post=3524"}],"wp:featuredmedia":[{"embeddable":true,"href":"https:\/\/lire-ecrire-compter.com\/index.php?rest_route=\/wp\/v2\/media\/3522"}],"wp:attachment":[{"href":"https:\/\/lire-ecrire-compter.com\/index.php?rest_route=%2Fwp%2Fv2%2Fmedia&parent=3524"}],"wp:term":[{"taxonomy":"product_brand","embeddable":true,"href":"https:\/\/lire-ecrire-compter.com\/index.php?rest_route=%2Fwp%2Fv2%2Fproduct_brand&post=3524"},{"taxonomy":"product_cat","embeddable":true,"href":"https:\/\/lire-ecrire-compter.com\/index.php?rest_route=%2Fwp%2Fv2%2Fproduct_cat&post=3524"},{"taxonomy":"product_tag","embeddable":true,"href":"https:\/\/lire-ecrire-compter.com\/index.php?rest_route=%2Fwp%2Fv2%2Fproduct_tag&post=3524"}],"curies":[{"name":"wp","href":"https:\/\/api.w.org\/{rel}","templated":true}]}}