{"id":2187,"date":"2020-03-06T10:53:01","date_gmt":"2020-03-06T09:53:01","guid":{"rendered":"https:\/\/lire-ecrire-compter.com\/?product=import-placeholder-for-65369"},"modified":"2024-01-09T10:56:36","modified_gmt":"2024-01-09T09:56:36","slug":"calendrier-perpetuel","status":"publish","type":"product","link":"https:\/\/lire-ecrire-compter.com\/?product=calendrier-perpetuel","title":{"rendered":"Calendrier perp\u00e9tuel"},"content":{"rendered":"<p style=\"padding-left: 40px;\"><span style=\"color: #46acbf;\">Un calendrier perp\u00e9tuel qui aide les enfants \u00e0 rep\u00e9rer l&rsquo;ordre des mois, dans l&rsquo;ann\u00e9e et \u00e0 les situer par rapport aux saisons et \u00e0 des \u00e9v\u00e8nements.<\/span><br \/>\n<span style=\"color: #46acbf;\">Il est \u00e9crit en lettres minuscules scriptes avec la police Open Dyslexic. D&rsquo;autres bandes compl\u00e9mentaires, en \u00e9criture cursive et en majuscules d&rsquo;imprimerie sont disponibles, ind\u00e9pendamment, sur le site.<\/span><\/p>\n","protected":false},"excerpt":{"rendered":"<p>Un calendrier perp\u00e9tuel qui aide les enfants \u00e0 rep\u00e9rer l&rsquo;ordre des mois, dans l&rsquo;ann\u00e9e et \u00e0 les situer par rapport aux saisons et \u00e0 des \u00e9v\u00e8nements. Il est \u00e9crit en lettres minuscules scriptes avec la police Open Dyslexic. D&rsquo;autres bandes compl\u00e9mentaires, en \u00e9criture cursive et&#8230;<\/p>\n","protected":false},"featured_media":2267,"comment_status":"open","ping_status":"closed","template":"","meta":{"give_campaign_id":0,"om_disable_all_campaigns":false,"_monsterinsights_skip_tracking":false,"_monsterinsights_sitenote_active":false,"_monsterinsights_sitenote_note":"","_monsterinsights_sitenote_category":0,"_uf_show_specific_survey":0,"_uf_disable_surveys":false},"product_brand":[],"product_cat":[105,144],"product_tag":[142],"class_list":{"0":"post-2187","1":"product","2":"type-product","3":"status-publish","4":"has-post-thumbnail","6":"product_cat-outils","7":"product_cat-outils-pour-manipuler","8":"product_tag-comprendre-des-criteres-chronologiques-ou-spatiaux","10":"first","11":"instock","12":"downloadable","13":"virtual","14":"purchasable","15":"product-type-simple"},"yoast_head":"<!-- This site is optimized with the Yoast SEO plugin v27.1.1 - https:\/\/yoast.com\/product\/yoast-seo-wordpress\/ -->\n<title>Calendrier perp\u00e9tuel - Lire \u00e9crire compter<\/title>\n<meta name=\"robots\" content=\"index, follow, max-snippet:-1, max-image-preview:large, max-video-preview:-1\" \/>\n<link rel=\"canonical\" href=\"https:\/\/lire-ecrire-compter.com\/?product=calendrier-perpetuel\" \/>\n<meta property=\"og:locale\" content=\"fr_FR\" \/>\n<meta property=\"og:type\" content=\"article\" \/>\n<meta property=\"og:title\" content=\"Calendrier perp\u00e9tuel - Lire \u00e9crire compter\" \/>\n<meta property=\"og:description\" content=\"Un calendrier perp\u00e9tuel qui aide les enfants \u00e0 rep\u00e9rer l&rsquo;ordre des mois, dans l&rsquo;ann\u00e9e et \u00e0 les situer par rapport aux saisons et \u00e0 des \u00e9v\u00e8nements. Il est \u00e9crit en lettres minuscules scriptes avec la police Open Dyslexic. D&rsquo;autres bandes compl\u00e9mentaires, en \u00e9criture cursive et...\" \/>\n<meta property=\"og:url\" content=\"https:\/\/lire-ecrire-compter.com\/?product=calendrier-perpetuel\" \/>\n<meta property=\"og:site_name\" content=\"Lire \u00e9crire compter\" \/>\n<meta property=\"article:modified_time\" content=\"2024-01-09T09:56:36+00:00\" \/>\n<meta property=\"og:image\" content=\"https:\/\/lire-ecrire-compter.com\/wp-content\/uploads\/2020\/03\/calendrier_new6-e1574257181462.jpg\" \/>\n\t<meta property=\"og:image:width\" content=\"1200\" \/>\n\t<meta property=\"og:image:height\" content=\"1200\" \/>\n\t<meta property=\"og:image:type\" content=\"image\/jpeg\" \/>\n<meta name=\"twitter:card\" content=\"summary_large_image\" \/>\n<script type=\"application\/ld+json\" class=\"yoast-schema-graph\">{\"@context\":\"https:\/\/schema.org\",\"@graph\":[{\"@type\":\"WebPage\",\"@id\":\"https:\/\/lire-ecrire-compter.com\/?product=calendrier-perpetuel\",\"url\":\"https:\/\/lire-ecrire-compter.com\/?product=calendrier-perpetuel\",\"name\":\"Calendrier perp\u00e9tuel - Lire \u00e9crire compter\",\"isPartOf\":{\"@id\":\"https:\/\/lire-ecrire-compter.com\/#website\"},\"primaryImageOfPage\":{\"@id\":\"https:\/\/lire-ecrire-compter.com\/?product=calendrier-perpetuel#primaryimage\"},\"image\":{\"@id\":\"https:\/\/lire-ecrire-compter.com\/?product=calendrier-perpetuel#primaryimage\"},\"thumbnailUrl\":\"https:\/\/lire-ecrire-compter.com\/wp-content\/uploads\/2020\/03\/calendrier_new6-e1574257181462.jpg\",\"datePublished\":\"2020-03-06T09:53:01+00:00\",\"dateModified\":\"2024-01-09T09:56:36+00:00\",\"breadcrumb\":{\"@id\":\"https:\/\/lire-ecrire-compter.com\/?product=calendrier-perpetuel#breadcrumb\"},\"inLanguage\":\"fr-FR\",\"potentialAction\":[{\"@type\":\"ReadAction\",\"target\":[\"https:\/\/lire-ecrire-compter.com\/?product=calendrier-perpetuel\"]}]},{\"@type\":\"ImageObject\",\"inLanguage\":\"fr-FR\",\"@id\":\"https:\/\/lire-ecrire-compter.com\/?product=calendrier-perpetuel#primaryimage\",\"url\":\"https:\/\/lire-ecrire-compter.com\/wp-content\/uploads\/2020\/03\/calendrier_new6-e1574257181462.jpg\",\"contentUrl\":\"https:\/\/lire-ecrire-compter.com\/wp-content\/uploads\/2020\/03\/calendrier_new6-e1574257181462.jpg\",\"width\":1200,\"height\":1200},{\"@type\":\"BreadcrumbList\",\"@id\":\"https:\/\/lire-ecrire-compter.com\/?product=calendrier-perpetuel#breadcrumb\",\"itemListElement\":[{\"@type\":\"ListItem\",\"position\":1,\"name\":\"Accueil\",\"item\":\"https:\/\/lire-ecrire-compter.com\/\"},{\"@type\":\"ListItem\",\"position\":2,\"name\":\"La bo\u00eete \u00e0 jeux\",\"item\":\"https:\/\/lire-ecrire-compter.com\/?page_id=747\"},{\"@type\":\"ListItem\",\"position\":3,\"name\":\"Calendrier perp\u00e9tuel\"}]},{\"@type\":\"WebSite\",\"@id\":\"https:\/\/lire-ecrire-compter.com\/#website\",\"url\":\"https:\/\/lire-ecrire-compter.com\/\",\"name\":\"Lire \u00e9crire compter\",\"description\":\"Jouer pour apprendre\",\"potentialAction\":[{\"@type\":\"SearchAction\",\"target\":{\"@type\":\"EntryPoint\",\"urlTemplate\":\"https:\/\/lire-ecrire-compter.com\/?s={search_term_string}\"},\"query-input\":{\"@type\":\"PropertyValueSpecification\",\"valueRequired\":true,\"valueName\":\"search_term_string\"}}],\"inLanguage\":\"fr-FR\"}]}<\/script>\n<!-- \/ Yoast SEO plugin. -->","yoast_head_json":{"title":"Calendrier perp\u00e9tuel - Lire \u00e9crire compter","robots":{"index":"index","follow":"follow","max-snippet":"max-snippet:-1","max-image-preview":"max-image-preview:large","max-video-preview":"max-video-preview:-1"},"canonical":"https:\/\/lire-ecrire-compter.com\/?product=calendrier-perpetuel","og_locale":"fr_FR","og_type":"article","og_title":"Calendrier perp\u00e9tuel - Lire \u00e9crire compter","og_description":"Un calendrier perp\u00e9tuel qui aide les enfants \u00e0 rep\u00e9rer l&rsquo;ordre des mois, dans l&rsquo;ann\u00e9e et \u00e0 les situer par rapport aux saisons et \u00e0 des \u00e9v\u00e8nements. Il est \u00e9crit en lettres minuscules scriptes avec la police Open Dyslexic. D&rsquo;autres bandes compl\u00e9mentaires, en \u00e9criture cursive et...","og_url":"https:\/\/lire-ecrire-compter.com\/?product=calendrier-perpetuel","og_site_name":"Lire \u00e9crire compter","article_modified_time":"2024-01-09T09:56:36+00:00","og_image":[{"width":1200,"height":1200,"url":"https:\/\/lire-ecrire-compter.com\/wp-content\/uploads\/2020\/03\/calendrier_new6-e1574257181462.jpg","type":"image\/jpeg"}],"twitter_card":"summary_large_image","schema":{"@context":"https:\/\/schema.org","@graph":[{"@type":"WebPage","@id":"https:\/\/lire-ecrire-compter.com\/?product=calendrier-perpetuel","url":"https:\/\/lire-ecrire-compter.com\/?product=calendrier-perpetuel","name":"Calendrier perp\u00e9tuel - Lire \u00e9crire compter","isPartOf":{"@id":"https:\/\/lire-ecrire-compter.com\/#website"},"primaryImageOfPage":{"@id":"https:\/\/lire-ecrire-compter.com\/?product=calendrier-perpetuel#primaryimage"},"image":{"@id":"https:\/\/lire-ecrire-compter.com\/?product=calendrier-perpetuel#primaryimage"},"thumbnailUrl":"https:\/\/lire-ecrire-compter.com\/wp-content\/uploads\/2020\/03\/calendrier_new6-e1574257181462.jpg","datePublished":"2020-03-06T09:53:01+00:00","dateModified":"2024-01-09T09:56:36+00:00","breadcrumb":{"@id":"https:\/\/lire-ecrire-compter.com\/?product=calendrier-perpetuel#breadcrumb"},"inLanguage":"fr-FR","potentialAction":[{"@type":"ReadAction","target":["https:\/\/lire-ecrire-compter.com\/?product=calendrier-perpetuel"]}]},{"@type":"ImageObject","inLanguage":"fr-FR","@id":"https:\/\/lire-ecrire-compter.com\/?product=calendrier-perpetuel#primaryimage","url":"https:\/\/lire-ecrire-compter.com\/wp-content\/uploads\/2020\/03\/calendrier_new6-e1574257181462.jpg","contentUrl":"https:\/\/lire-ecrire-compter.com\/wp-content\/uploads\/2020\/03\/calendrier_new6-e1574257181462.jpg","width":1200,"height":1200},{"@type":"BreadcrumbList","@id":"https:\/\/lire-ecrire-compter.com\/?product=calendrier-perpetuel#breadcrumb","itemListElement":[{"@type":"ListItem","position":1,"name":"Accueil","item":"https:\/\/lire-ecrire-compter.com\/"},{"@type":"ListItem","position":2,"name":"La bo\u00eete \u00e0 jeux","item":"https:\/\/lire-ecrire-compter.com\/?page_id=747"},{"@type":"ListItem","position":3,"name":"Calendrier perp\u00e9tuel"}]},{"@type":"WebSite","@id":"https:\/\/lire-ecrire-compter.com\/#website","url":"https:\/\/lire-ecrire-compter.com\/","name":"Lire \u00e9crire compter","description":"Jouer pour apprendre","potentialAction":[{"@type":"SearchAction","target":{"@type":"EntryPoint","urlTemplate":"https:\/\/lire-ecrire-compter.com\/?s={search_term_string}"},"query-input":{"@type":"PropertyValueSpecification","valueRequired":true,"valueName":"search_term_string"}}],"inLanguage":"fr-FR"}]}},"_links":{"self":[{"href":"https:\/\/lire-ecrire-compter.com\/index.php?rest_route=\/wp\/v2\/product\/2187","targetHints":{"allow":["GET"]}}],"collection":[{"href":"https:\/\/lire-ecrire-compter.com\/index.php?rest_route=\/wp\/v2\/product"}],"about":[{"href":"https:\/\/lire-ecrire-compter.com\/index.php?rest_route=\/wp\/v2\/types\/product"}],"replies":[{"embeddable":true,"href":"https:\/\/lire-ecrire-compter.com\/index.php?rest_route=%2Fwp%2Fv2%2Fcomments&post=2187"}],"wp:featuredmedia":[{"embeddable":true,"href":"https:\/\/lire-ecrire-compter.com\/index.php?rest_route=\/wp\/v2\/media\/2267"}],"wp:attachment":[{"href":"https:\/\/lire-ecrire-compter.com\/index.php?rest_route=%2Fwp%2Fv2%2Fmedia&parent=2187"}],"wp:term":[{"taxonomy":"product_brand","embeddable":true,"href":"https:\/\/lire-ecrire-compter.com\/index.php?rest_route=%2Fwp%2Fv2%2Fproduct_brand&post=2187"},{"taxonomy":"product_cat","embeddable":true,"href":"https:\/\/lire-ecrire-compter.com\/index.php?rest_route=%2Fwp%2Fv2%2Fproduct_cat&post=2187"},{"taxonomy":"product_tag","embeddable":true,"href":"https:\/\/lire-ecrire-compter.com\/index.php?rest_route=%2Fwp%2Fv2%2Fproduct_tag&post=2187"}],"curies":[{"name":"wp","href":"https:\/\/api.w.org\/{rel}","templated":true}]}}