{"id":2152,"date":"2020-03-06T10:52:32","date_gmt":"2020-03-06T09:52:32","guid":{"rendered":"https:\/\/lire-ecrire-compter.com\/?product=import-placeholder-for-65093"},"modified":"2022-02-01T17:44:48","modified_gmt":"2022-02-01T16:44:48","slug":"lettres-mobiles-cursives-de-type-montessori","status":"publish","type":"product","link":"https:\/\/lire-ecrire-compter.com\/?product=lettres-mobiles-cursives-de-type-montessori","title":{"rendered":"Lettres mobiles cursives (de type Montessori)"},"content":{"rendered":"<p style=\"padding-left: 40px;\"><span style=\"color: #46acbf;\">\u00c9crire (au sens d&rsquo;encoder) est la meilleure mani\u00e8re d&rsquo;apprendre \u00e0 lire. Les lettres mobiles rendent cette activit\u00e9 accessible aux plus jeunes et \u00e0 ceux qui ne ma\u00eetrisent pas encore le geste graphique.<\/span><br \/>\n<span style=\"color: #46acbf;\">Elles sont le compl\u00e9ment indispensable des cartes d&rsquo;encodage (appel\u00e9es aussi \u00ab\u00a0dict\u00e9es muettes\u00a0\u00bb par M Montessori).<\/span><br \/>\n<span style=\"color: #46acbf;\">\u00c9dit\u00e9es ici avec la police Scola cursive, puis agrandies, dilat\u00e9es, \u00ab\u00a0creus\u00e9es\u00a0\u00bb et invers\u00e9es par sym\u00e9trie horizontale , vous pouvez fabriquer ais\u00e9ment ces lettres en collant chaque feuille sur du carton mousse rouge ou bleu.<\/span><br \/>\n<span style=\"color: #46acbf;\">Les voyelles (\u00e0 coller sur du carton mousse rouge ou rose) sont en 6 exemplaires sauf le \u00ab\u00a0y\u00a0\u00bb, en 2 et sont regroup\u00e9es sur deux feuilles A4.<\/span><br \/>\n<span style=\"color: #46acbf;\">Les consonnes (\u00e0 coller sur du carton mousse bleu), sont en 2 , 3, 4 ou 5 exemplaires et regroup\u00e9es sur quatre feuilles A4.<\/span><\/p>\n","protected":false},"excerpt":{"rendered":"<p>\u00c9crire (au sens d&rsquo;encoder) est la meilleure mani\u00e8re d&rsquo;apprendre \u00e0 lire. Les lettres mobiles rendent cette activit\u00e9 accessible aux plus jeunes et \u00e0 ceux qui ne ma\u00eetrisent pas encore le geste graphique. Elles sont le compl\u00e9ment indispensable des cartes d&rsquo;encodage (appel\u00e9es aussi \u00ab\u00a0dict\u00e9es muettes\u00a0\u00bb par&#8230;<\/p>\n","protected":false},"featured_media":2203,"comment_status":"open","ping_status":"closed","template":"","meta":{"give_campaign_id":0,"om_disable_all_campaigns":false,"_monsterinsights_skip_tracking":false,"_monsterinsights_sitenote_active":false,"_monsterinsights_sitenote_note":"","_monsterinsights_sitenote_category":0,"_uf_show_specific_survey":0,"_uf_disable_surveys":false},"product_brand":[],"product_cat":[105,144],"product_tag":[129,141,112],"class_list":{"0":"post-2152","1":"product","2":"type-product","3":"status-publish","4":"has-post-thumbnail","6":"product_cat-outils","7":"product_cat-outils-pour-manipuler","8":"product_tag-accompagner-le-geste-graphique","9":"product_tag-differencier-voyelles-et-consonnes","10":"product_tag-reconnaitre-et-nommer-les-lettres-dans-differentes-graphies","12":"first","13":"instock","14":"downloadable","15":"virtual","16":"purchasable","17":"product-type-simple"},"yoast_head":"<!-- This site is optimized with the Yoast SEO plugin v27.1.1 - https:\/\/yoast.com\/product\/yoast-seo-wordpress\/ -->\n<title>Lettres mobiles cursives (de type Montessori) - Lire \u00e9crire compter<\/title>\n<meta name=\"robots\" content=\"index, follow, max-snippet:-1, max-image-preview:large, max-video-preview:-1\" \/>\n<link rel=\"canonical\" href=\"https:\/\/lire-ecrire-compter.com\/?product=lettres-mobiles-cursives-de-type-montessori\" \/>\n<meta property=\"og:locale\" content=\"fr_FR\" \/>\n<meta property=\"og:type\" content=\"article\" \/>\n<meta property=\"og:title\" content=\"Lettres mobiles cursives (de type Montessori) - Lire \u00e9crire compter\" \/>\n<meta property=\"og:description\" content=\"\u00c9crire (au sens d&rsquo;encoder) est la meilleure mani\u00e8re d&rsquo;apprendre \u00e0 lire. Les lettres mobiles rendent cette activit\u00e9 accessible aux plus jeunes et \u00e0 ceux qui ne ma\u00eetrisent pas encore le geste graphique. Elles sont le compl\u00e9ment indispensable des cartes d&rsquo;encodage (appel\u00e9es aussi \u00ab\u00a0dict\u00e9es muettes\u00a0\u00bb par...\" \/>\n<meta property=\"og:url\" content=\"https:\/\/lire-ecrire-compter.com\/?product=lettres-mobiles-cursives-de-type-montessori\" \/>\n<meta property=\"og:site_name\" content=\"Lire \u00e9crire compter\" \/>\n<meta property=\"article:modified_time\" content=\"2022-02-01T16:44:48+00:00\" \/>\n<meta property=\"og:image\" content=\"https:\/\/lire-ecrire-compter.com\/wp-content\/uploads\/2020\/03\/lettres-mobiles-e1574162564978.jpg\" \/>\n\t<meta property=\"og:image:width\" content=\"1400\" \/>\n\t<meta property=\"og:image:height\" content=\"1095\" \/>\n\t<meta property=\"og:image:type\" content=\"image\/jpeg\" \/>\n<meta name=\"twitter:card\" content=\"summary_large_image\" \/>\n<meta name=\"twitter:label1\" content=\"Dur\u00e9e de lecture estim\u00e9e\" \/>\n\t<meta name=\"twitter:data1\" content=\"1 minute\" \/>\n<script type=\"application\/ld+json\" class=\"yoast-schema-graph\">{\"@context\":\"https:\/\/schema.org\",\"@graph\":[{\"@type\":\"WebPage\",\"@id\":\"https:\/\/lire-ecrire-compter.com\/?product=lettres-mobiles-cursives-de-type-montessori\",\"url\":\"https:\/\/lire-ecrire-compter.com\/?product=lettres-mobiles-cursives-de-type-montessori\",\"name\":\"Lettres mobiles cursives (de type Montessori) - Lire \u00e9crire compter\",\"isPartOf\":{\"@id\":\"https:\/\/lire-ecrire-compter.com\/#website\"},\"primaryImageOfPage\":{\"@id\":\"https:\/\/lire-ecrire-compter.com\/?product=lettres-mobiles-cursives-de-type-montessori#primaryimage\"},\"image\":{\"@id\":\"https:\/\/lire-ecrire-compter.com\/?product=lettres-mobiles-cursives-de-type-montessori#primaryimage\"},\"thumbnailUrl\":\"https:\/\/lire-ecrire-compter.com\/wp-content\/uploads\/2020\/03\/lettres-mobiles-e1574162564978.jpg\",\"datePublished\":\"2020-03-06T09:52:32+00:00\",\"dateModified\":\"2022-02-01T16:44:48+00:00\",\"breadcrumb\":{\"@id\":\"https:\/\/lire-ecrire-compter.com\/?product=lettres-mobiles-cursives-de-type-montessori#breadcrumb\"},\"inLanguage\":\"fr-FR\",\"potentialAction\":[{\"@type\":\"ReadAction\",\"target\":[\"https:\/\/lire-ecrire-compter.com\/?product=lettres-mobiles-cursives-de-type-montessori\"]}]},{\"@type\":\"ImageObject\",\"inLanguage\":\"fr-FR\",\"@id\":\"https:\/\/lire-ecrire-compter.com\/?product=lettres-mobiles-cursives-de-type-montessori#primaryimage\",\"url\":\"https:\/\/lire-ecrire-compter.com\/wp-content\/uploads\/2020\/03\/lettres-mobiles-e1574162564978.jpg\",\"contentUrl\":\"https:\/\/lire-ecrire-compter.com\/wp-content\/uploads\/2020\/03\/lettres-mobiles-e1574162564978.jpg\",\"width\":1400,\"height\":1095},{\"@type\":\"BreadcrumbList\",\"@id\":\"https:\/\/lire-ecrire-compter.com\/?product=lettres-mobiles-cursives-de-type-montessori#breadcrumb\",\"itemListElement\":[{\"@type\":\"ListItem\",\"position\":1,\"name\":\"Accueil\",\"item\":\"https:\/\/lire-ecrire-compter.com\/\"},{\"@type\":\"ListItem\",\"position\":2,\"name\":\"La bo\u00eete \u00e0 jeux\",\"item\":\"https:\/\/lire-ecrire-compter.com\/?page_id=747\"},{\"@type\":\"ListItem\",\"position\":3,\"name\":\"Lettres mobiles cursives (de type Montessori)\"}]},{\"@type\":\"WebSite\",\"@id\":\"https:\/\/lire-ecrire-compter.com\/#website\",\"url\":\"https:\/\/lire-ecrire-compter.com\/\",\"name\":\"Lire \u00e9crire compter\",\"description\":\"Jouer pour apprendre\",\"potentialAction\":[{\"@type\":\"SearchAction\",\"target\":{\"@type\":\"EntryPoint\",\"urlTemplate\":\"https:\/\/lire-ecrire-compter.com\/?s={search_term_string}\"},\"query-input\":{\"@type\":\"PropertyValueSpecification\",\"valueRequired\":true,\"valueName\":\"search_term_string\"}}],\"inLanguage\":\"fr-FR\"}]}<\/script>\n<!-- \/ Yoast SEO plugin. -->","yoast_head_json":{"title":"Lettres mobiles cursives (de type Montessori) - Lire \u00e9crire compter","robots":{"index":"index","follow":"follow","max-snippet":"max-snippet:-1","max-image-preview":"max-image-preview:large","max-video-preview":"max-video-preview:-1"},"canonical":"https:\/\/lire-ecrire-compter.com\/?product=lettres-mobiles-cursives-de-type-montessori","og_locale":"fr_FR","og_type":"article","og_title":"Lettres mobiles cursives (de type Montessori) - Lire \u00e9crire compter","og_description":"\u00c9crire (au sens d&rsquo;encoder) est la meilleure mani\u00e8re d&rsquo;apprendre \u00e0 lire. Les lettres mobiles rendent cette activit\u00e9 accessible aux plus jeunes et \u00e0 ceux qui ne ma\u00eetrisent pas encore le geste graphique. Elles sont le compl\u00e9ment indispensable des cartes d&rsquo;encodage (appel\u00e9es aussi \u00ab\u00a0dict\u00e9es muettes\u00a0\u00bb par...","og_url":"https:\/\/lire-ecrire-compter.com\/?product=lettres-mobiles-cursives-de-type-montessori","og_site_name":"Lire \u00e9crire compter","article_modified_time":"2022-02-01T16:44:48+00:00","og_image":[{"width":1400,"height":1095,"url":"https:\/\/lire-ecrire-compter.com\/wp-content\/uploads\/2020\/03\/lettres-mobiles-e1574162564978.jpg","type":"image\/jpeg"}],"twitter_card":"summary_large_image","twitter_misc":{"Dur\u00e9e de lecture estim\u00e9e":"1 minute"},"schema":{"@context":"https:\/\/schema.org","@graph":[{"@type":"WebPage","@id":"https:\/\/lire-ecrire-compter.com\/?product=lettres-mobiles-cursives-de-type-montessori","url":"https:\/\/lire-ecrire-compter.com\/?product=lettres-mobiles-cursives-de-type-montessori","name":"Lettres mobiles cursives (de type Montessori) - Lire \u00e9crire compter","isPartOf":{"@id":"https:\/\/lire-ecrire-compter.com\/#website"},"primaryImageOfPage":{"@id":"https:\/\/lire-ecrire-compter.com\/?product=lettres-mobiles-cursives-de-type-montessori#primaryimage"},"image":{"@id":"https:\/\/lire-ecrire-compter.com\/?product=lettres-mobiles-cursives-de-type-montessori#primaryimage"},"thumbnailUrl":"https:\/\/lire-ecrire-compter.com\/wp-content\/uploads\/2020\/03\/lettres-mobiles-e1574162564978.jpg","datePublished":"2020-03-06T09:52:32+00:00","dateModified":"2022-02-01T16:44:48+00:00","breadcrumb":{"@id":"https:\/\/lire-ecrire-compter.com\/?product=lettres-mobiles-cursives-de-type-montessori#breadcrumb"},"inLanguage":"fr-FR","potentialAction":[{"@type":"ReadAction","target":["https:\/\/lire-ecrire-compter.com\/?product=lettres-mobiles-cursives-de-type-montessori"]}]},{"@type":"ImageObject","inLanguage":"fr-FR","@id":"https:\/\/lire-ecrire-compter.com\/?product=lettres-mobiles-cursives-de-type-montessori#primaryimage","url":"https:\/\/lire-ecrire-compter.com\/wp-content\/uploads\/2020\/03\/lettres-mobiles-e1574162564978.jpg","contentUrl":"https:\/\/lire-ecrire-compter.com\/wp-content\/uploads\/2020\/03\/lettres-mobiles-e1574162564978.jpg","width":1400,"height":1095},{"@type":"BreadcrumbList","@id":"https:\/\/lire-ecrire-compter.com\/?product=lettres-mobiles-cursives-de-type-montessori#breadcrumb","itemListElement":[{"@type":"ListItem","position":1,"name":"Accueil","item":"https:\/\/lire-ecrire-compter.com\/"},{"@type":"ListItem","position":2,"name":"La bo\u00eete \u00e0 jeux","item":"https:\/\/lire-ecrire-compter.com\/?page_id=747"},{"@type":"ListItem","position":3,"name":"Lettres mobiles cursives (de type Montessori)"}]},{"@type":"WebSite","@id":"https:\/\/lire-ecrire-compter.com\/#website","url":"https:\/\/lire-ecrire-compter.com\/","name":"Lire \u00e9crire compter","description":"Jouer pour apprendre","potentialAction":[{"@type":"SearchAction","target":{"@type":"EntryPoint","urlTemplate":"https:\/\/lire-ecrire-compter.com\/?s={search_term_string}"},"query-input":{"@type":"PropertyValueSpecification","valueRequired":true,"valueName":"search_term_string"}}],"inLanguage":"fr-FR"}]}},"_links":{"self":[{"href":"https:\/\/lire-ecrire-compter.com\/index.php?rest_route=\/wp\/v2\/product\/2152","targetHints":{"allow":["GET"]}}],"collection":[{"href":"https:\/\/lire-ecrire-compter.com\/index.php?rest_route=\/wp\/v2\/product"}],"about":[{"href":"https:\/\/lire-ecrire-compter.com\/index.php?rest_route=\/wp\/v2\/types\/product"}],"replies":[{"embeddable":true,"href":"https:\/\/lire-ecrire-compter.com\/index.php?rest_route=%2Fwp%2Fv2%2Fcomments&post=2152"}],"wp:featuredmedia":[{"embeddable":true,"href":"https:\/\/lire-ecrire-compter.com\/index.php?rest_route=\/wp\/v2\/media\/2203"}],"wp:attachment":[{"href":"https:\/\/lire-ecrire-compter.com\/index.php?rest_route=%2Fwp%2Fv2%2Fmedia&parent=2152"}],"wp:term":[{"taxonomy":"product_brand","embeddable":true,"href":"https:\/\/lire-ecrire-compter.com\/index.php?rest_route=%2Fwp%2Fv2%2Fproduct_brand&post=2152"},{"taxonomy":"product_cat","embeddable":true,"href":"https:\/\/lire-ecrire-compter.com\/index.php?rest_route=%2Fwp%2Fv2%2Fproduct_cat&post=2152"},{"taxonomy":"product_tag","embeddable":true,"href":"https:\/\/lire-ecrire-compter.com\/index.php?rest_route=%2Fwp%2Fv2%2Fproduct_tag&post=2152"}],"curies":[{"name":"wp","href":"https:\/\/api.w.org\/{rel}","templated":true}]}}