{"id":2135,"date":"2020-03-06T10:52:06","date_gmt":"2020-03-06T09:52:06","guid":{"rendered":"https:\/\/lire-ecrire-compter.com\/?product=import-placeholder-for-65025"},"modified":"2023-02-21T09:11:06","modified_gmt":"2023-02-21T08:11:06","slug":"cartes-des-50-mots-frequents","status":"publish","type":"product","link":"https:\/\/lire-ecrire-compter.com\/?product=cartes-des-50-mots-frequents","title":{"rendered":"Cartes des 50 mots fr\u00e9quents"},"content":{"rendered":"<p style=\"padding-left: 40px;\"><span style=\"color: #46acbf;\">Ces cartes proposent les 50 mots les plus fr\u00e9quents dont il convient d&rsquo;automatiser la lecture.<\/span><br \/>\n<span style=\"color: #46acbf;\">Elles sont \u00e9crites avec la police Open Dyslexic\u00a0 grande taille, de mani\u00e8re \u00e0 permettre une meilleure lisibilit\u00e9 lors des usages en petit groupe.<\/span><br \/>\n<span style=\"color: #46acbf;\">Elles peuvent \u00eatre perfor\u00e9es de fa\u00e7on \u00e0 pouvoir les regrouper avec un anneau ou un lien.<\/span><\/p>\n","protected":false},"excerpt":{"rendered":"<p>Ces cartes proposent les 50 mots les plus fr\u00e9quents dont il convient d&rsquo;automatiser la lecture. Elles sont \u00e9crites avec la police Open Dyslexic\u00a0 grande taille, de mani\u00e8re \u00e0 permettre une meilleure lisibilit\u00e9 lors des usages en petit groupe. Elles peuvent \u00eatre perfor\u00e9es de fa\u00e7on \u00e0&#8230;<\/p>\n","protected":false},"featured_media":2175,"comment_status":"open","ping_status":"closed","template":"","meta":{"give_campaign_id":0,"om_disable_all_campaigns":false,"_monsterinsights_skip_tracking":false,"_monsterinsights_sitenote_active":false,"_monsterinsights_sitenote_note":"","_monsterinsights_sitenote_category":0,"_uf_show_specific_survey":0,"_uf_disable_surveys":false},"product_brand":[],"product_cat":[105,143],"product_tag":[140,139],"class_list":{"0":"post-2135","1":"product","2":"type-product","3":"status-publish","4":"has-post-thumbnail","6":"product_cat-outils","7":"product_cat-outils-pour-memoriser","8":"product_tag-automatiser-la-lecture-des-mots-les-plus-frequents","9":"product_tag-travailler-lorthographe","11":"first","12":"instock","13":"downloadable","14":"virtual","15":"purchasable","16":"product-type-simple"},"yoast_head":"<!-- This site is optimized with the Yoast SEO plugin v27.1.1 - https:\/\/yoast.com\/product\/yoast-seo-wordpress\/ -->\n<title>Cartes des 50 mots fr\u00e9quents - Lire \u00e9crire compter<\/title>\n<meta name=\"robots\" content=\"index, follow, max-snippet:-1, max-image-preview:large, max-video-preview:-1\" \/>\n<link rel=\"canonical\" href=\"https:\/\/lire-ecrire-compter.com\/?product=cartes-des-50-mots-frequents\" \/>\n<meta property=\"og:locale\" content=\"fr_FR\" \/>\n<meta property=\"og:type\" content=\"article\" \/>\n<meta property=\"og:title\" content=\"Cartes des 50 mots fr\u00e9quents - Lire \u00e9crire compter\" \/>\n<meta property=\"og:description\" content=\"Ces cartes proposent les 50 mots les plus fr\u00e9quents dont il convient d&rsquo;automatiser la lecture. Elles sont \u00e9crites avec la police Open Dyslexic\u00a0 grande taille, de mani\u00e8re \u00e0 permettre une meilleure lisibilit\u00e9 lors des usages en petit groupe. Elles peuvent \u00eatre perfor\u00e9es de fa\u00e7on \u00e0...\" \/>\n<meta property=\"og:url\" content=\"https:\/\/lire-ecrire-compter.com\/?product=cartes-des-50-mots-frequents\" \/>\n<meta property=\"og:site_name\" content=\"Lire \u00e9crire compter\" \/>\n<meta property=\"article:modified_time\" content=\"2023-02-21T08:11:06+00:00\" \/>\n<meta property=\"og:image\" content=\"https:\/\/lire-ecrire-compter.com\/wp-content\/uploads\/2020\/03\/IMG_7498-e1574257226679.jpg\" \/>\n\t<meta property=\"og:image:width\" content=\"1200\" \/>\n\t<meta property=\"og:image:height\" content=\"1200\" \/>\n\t<meta property=\"og:image:type\" content=\"image\/jpeg\" \/>\n<meta name=\"twitter:card\" content=\"summary_large_image\" \/>\n<script type=\"application\/ld+json\" class=\"yoast-schema-graph\">{\"@context\":\"https:\/\/schema.org\",\"@graph\":[{\"@type\":\"WebPage\",\"@id\":\"https:\/\/lire-ecrire-compter.com\/?product=cartes-des-50-mots-frequents\",\"url\":\"https:\/\/lire-ecrire-compter.com\/?product=cartes-des-50-mots-frequents\",\"name\":\"Cartes des 50 mots fr\u00e9quents - Lire \u00e9crire compter\",\"isPartOf\":{\"@id\":\"https:\/\/lire-ecrire-compter.com\/#website\"},\"primaryImageOfPage\":{\"@id\":\"https:\/\/lire-ecrire-compter.com\/?product=cartes-des-50-mots-frequents#primaryimage\"},\"image\":{\"@id\":\"https:\/\/lire-ecrire-compter.com\/?product=cartes-des-50-mots-frequents#primaryimage\"},\"thumbnailUrl\":\"https:\/\/lire-ecrire-compter.com\/wp-content\/uploads\/2020\/03\/IMG_7498-e1574257226679.jpg\",\"datePublished\":\"2020-03-06T09:52:06+00:00\",\"dateModified\":\"2023-02-21T08:11:06+00:00\",\"breadcrumb\":{\"@id\":\"https:\/\/lire-ecrire-compter.com\/?product=cartes-des-50-mots-frequents#breadcrumb\"},\"inLanguage\":\"fr-FR\",\"potentialAction\":[{\"@type\":\"ReadAction\",\"target\":[\"https:\/\/lire-ecrire-compter.com\/?product=cartes-des-50-mots-frequents\"]}]},{\"@type\":\"ImageObject\",\"inLanguage\":\"fr-FR\",\"@id\":\"https:\/\/lire-ecrire-compter.com\/?product=cartes-des-50-mots-frequents#primaryimage\",\"url\":\"https:\/\/lire-ecrire-compter.com\/wp-content\/uploads\/2020\/03\/IMG_7498-e1574257226679.jpg\",\"contentUrl\":\"https:\/\/lire-ecrire-compter.com\/wp-content\/uploads\/2020\/03\/IMG_7498-e1574257226679.jpg\",\"width\":1200,\"height\":1200},{\"@type\":\"BreadcrumbList\",\"@id\":\"https:\/\/lire-ecrire-compter.com\/?product=cartes-des-50-mots-frequents#breadcrumb\",\"itemListElement\":[{\"@type\":\"ListItem\",\"position\":1,\"name\":\"Accueil\",\"item\":\"https:\/\/lire-ecrire-compter.com\/\"},{\"@type\":\"ListItem\",\"position\":2,\"name\":\"La bo\u00eete \u00e0 jeux\",\"item\":\"https:\/\/lire-ecrire-compter.com\/?page_id=747\"},{\"@type\":\"ListItem\",\"position\":3,\"name\":\"Cartes des 50 mots fr\u00e9quents\"}]},{\"@type\":\"WebSite\",\"@id\":\"https:\/\/lire-ecrire-compter.com\/#website\",\"url\":\"https:\/\/lire-ecrire-compter.com\/\",\"name\":\"Lire \u00e9crire compter\",\"description\":\"Jouer pour apprendre\",\"potentialAction\":[{\"@type\":\"SearchAction\",\"target\":{\"@type\":\"EntryPoint\",\"urlTemplate\":\"https:\/\/lire-ecrire-compter.com\/?s={search_term_string}\"},\"query-input\":{\"@type\":\"PropertyValueSpecification\",\"valueRequired\":true,\"valueName\":\"search_term_string\"}}],\"inLanguage\":\"fr-FR\"}]}<\/script>\n<!-- \/ Yoast SEO plugin. -->","yoast_head_json":{"title":"Cartes des 50 mots fr\u00e9quents - Lire \u00e9crire compter","robots":{"index":"index","follow":"follow","max-snippet":"max-snippet:-1","max-image-preview":"max-image-preview:large","max-video-preview":"max-video-preview:-1"},"canonical":"https:\/\/lire-ecrire-compter.com\/?product=cartes-des-50-mots-frequents","og_locale":"fr_FR","og_type":"article","og_title":"Cartes des 50 mots fr\u00e9quents - Lire \u00e9crire compter","og_description":"Ces cartes proposent les 50 mots les plus fr\u00e9quents dont il convient d&rsquo;automatiser la lecture. Elles sont \u00e9crites avec la police Open Dyslexic\u00a0 grande taille, de mani\u00e8re \u00e0 permettre une meilleure lisibilit\u00e9 lors des usages en petit groupe. Elles peuvent \u00eatre perfor\u00e9es de fa\u00e7on \u00e0...","og_url":"https:\/\/lire-ecrire-compter.com\/?product=cartes-des-50-mots-frequents","og_site_name":"Lire \u00e9crire compter","article_modified_time":"2023-02-21T08:11:06+00:00","og_image":[{"width":1200,"height":1200,"url":"https:\/\/lire-ecrire-compter.com\/wp-content\/uploads\/2020\/03\/IMG_7498-e1574257226679.jpg","type":"image\/jpeg"}],"twitter_card":"summary_large_image","schema":{"@context":"https:\/\/schema.org","@graph":[{"@type":"WebPage","@id":"https:\/\/lire-ecrire-compter.com\/?product=cartes-des-50-mots-frequents","url":"https:\/\/lire-ecrire-compter.com\/?product=cartes-des-50-mots-frequents","name":"Cartes des 50 mots fr\u00e9quents - Lire \u00e9crire compter","isPartOf":{"@id":"https:\/\/lire-ecrire-compter.com\/#website"},"primaryImageOfPage":{"@id":"https:\/\/lire-ecrire-compter.com\/?product=cartes-des-50-mots-frequents#primaryimage"},"image":{"@id":"https:\/\/lire-ecrire-compter.com\/?product=cartes-des-50-mots-frequents#primaryimage"},"thumbnailUrl":"https:\/\/lire-ecrire-compter.com\/wp-content\/uploads\/2020\/03\/IMG_7498-e1574257226679.jpg","datePublished":"2020-03-06T09:52:06+00:00","dateModified":"2023-02-21T08:11:06+00:00","breadcrumb":{"@id":"https:\/\/lire-ecrire-compter.com\/?product=cartes-des-50-mots-frequents#breadcrumb"},"inLanguage":"fr-FR","potentialAction":[{"@type":"ReadAction","target":["https:\/\/lire-ecrire-compter.com\/?product=cartes-des-50-mots-frequents"]}]},{"@type":"ImageObject","inLanguage":"fr-FR","@id":"https:\/\/lire-ecrire-compter.com\/?product=cartes-des-50-mots-frequents#primaryimage","url":"https:\/\/lire-ecrire-compter.com\/wp-content\/uploads\/2020\/03\/IMG_7498-e1574257226679.jpg","contentUrl":"https:\/\/lire-ecrire-compter.com\/wp-content\/uploads\/2020\/03\/IMG_7498-e1574257226679.jpg","width":1200,"height":1200},{"@type":"BreadcrumbList","@id":"https:\/\/lire-ecrire-compter.com\/?product=cartes-des-50-mots-frequents#breadcrumb","itemListElement":[{"@type":"ListItem","position":1,"name":"Accueil","item":"https:\/\/lire-ecrire-compter.com\/"},{"@type":"ListItem","position":2,"name":"La bo\u00eete \u00e0 jeux","item":"https:\/\/lire-ecrire-compter.com\/?page_id=747"},{"@type":"ListItem","position":3,"name":"Cartes des 50 mots fr\u00e9quents"}]},{"@type":"WebSite","@id":"https:\/\/lire-ecrire-compter.com\/#website","url":"https:\/\/lire-ecrire-compter.com\/","name":"Lire \u00e9crire compter","description":"Jouer pour apprendre","potentialAction":[{"@type":"SearchAction","target":{"@type":"EntryPoint","urlTemplate":"https:\/\/lire-ecrire-compter.com\/?s={search_term_string}"},"query-input":{"@type":"PropertyValueSpecification","valueRequired":true,"valueName":"search_term_string"}}],"inLanguage":"fr-FR"}]}},"_links":{"self":[{"href":"https:\/\/lire-ecrire-compter.com\/index.php?rest_route=\/wp\/v2\/product\/2135","targetHints":{"allow":["GET"]}}],"collection":[{"href":"https:\/\/lire-ecrire-compter.com\/index.php?rest_route=\/wp\/v2\/product"}],"about":[{"href":"https:\/\/lire-ecrire-compter.com\/index.php?rest_route=\/wp\/v2\/types\/product"}],"replies":[{"embeddable":true,"href":"https:\/\/lire-ecrire-compter.com\/index.php?rest_route=%2Fwp%2Fv2%2Fcomments&post=2135"}],"wp:featuredmedia":[{"embeddable":true,"href":"https:\/\/lire-ecrire-compter.com\/index.php?rest_route=\/wp\/v2\/media\/2175"}],"wp:attachment":[{"href":"https:\/\/lire-ecrire-compter.com\/index.php?rest_route=%2Fwp%2Fv2%2Fmedia&parent=2135"}],"wp:term":[{"taxonomy":"product_brand","embeddable":true,"href":"https:\/\/lire-ecrire-compter.com\/index.php?rest_route=%2Fwp%2Fv2%2Fproduct_brand&post=2135"},{"taxonomy":"product_cat","embeddable":true,"href":"https:\/\/lire-ecrire-compter.com\/index.php?rest_route=%2Fwp%2Fv2%2Fproduct_cat&post=2135"},{"taxonomy":"product_tag","embeddable":true,"href":"https:\/\/lire-ecrire-compter.com\/index.php?rest_route=%2Fwp%2Fv2%2Fproduct_tag&post=2135"}],"curies":[{"name":"wp","href":"https:\/\/api.w.org\/{rel}","templated":true}]}}