{"id":2130,"date":"2020-03-06T10:52:06","date_gmt":"2020-03-06T09:52:06","guid":{"rendered":"https:\/\/lire-ecrire-compter.com\/?product=import-placeholder-for-64860"},"modified":"2025-11-25T14:13:05","modified_gmt":"2025-11-25T13:13:05","slug":"affiches-des-sons-borel-maisonny","status":"publish","type":"product","link":"https:\/\/lire-ecrire-compter.com\/?product=affiches-des-sons-borel-maisonny","title":{"rendered":"Affiches des sons Borel-Maisonny"},"content":{"rendered":"<p style=\"padding-left: 40px;\"><span style=\"color: #46acbf;\">Ces affiches, au format A4 reprennent les illustrations et les textes des cartes du m\u00eame nom. Elles permettent un affichage mural et aident \u00e0 la m\u00e9morisation des correspondances entre son et lettre(s).<\/span><\/p>\n<p style=\"padding-left: 40px;\"><span style=\"color: #46acbf;\">Les gestes et textes descriptifs de ces affiches sont issus de la m\u00e9thode Bien lire et Aimer lire.<\/span><\/p>\n<p>&nbsp;<\/p>\n","protected":false},"excerpt":{"rendered":"<p>Ces affiches, au format A4 reprennent les illustrations et les textes des cartes du m\u00eame nom. Elles permettent un affichage mural et aident \u00e0 la m\u00e9morisation des correspondances entre son et lettre(s). Les gestes et textes descriptifs de ces affiches sont issus de la m\u00e9thode&#8230;<\/p>\n","protected":false},"featured_media":2147,"comment_status":"open","ping_status":"closed","template":"","meta":{"give_campaign_id":0,"om_disable_all_campaigns":false,"_monsterinsights_skip_tracking":false,"_monsterinsights_sitenote_active":false,"_monsterinsights_sitenote_note":"","_monsterinsights_sitenote_category":0,"_uf_show_specific_survey":0,"_uf_disable_surveys":false},"product_brand":[],"product_cat":[105,143],"product_tag":[135,112],"class_list":{"0":"post-2130","1":"product","2":"type-product","3":"status-publish","4":"has-post-thumbnail","6":"product_cat-outils","7":"product_cat-outils-pour-memoriser","8":"product_tag-memoriser-les-correspondances-entre-sons-et-lettres","9":"product_tag-reconnaitre-et-nommer-les-lettres-dans-differentes-graphies","11":"first","12":"instock","13":"downloadable","14":"virtual","15":"purchasable","16":"product-type-simple"},"yoast_head":"<!-- This site is optimized with the Yoast SEO plugin v27.1.1 - https:\/\/yoast.com\/product\/yoast-seo-wordpress\/ -->\n<title>Affiches des sons Borel-Maisonny - Lire \u00e9crire compter<\/title>\n<meta name=\"robots\" content=\"index, follow, max-snippet:-1, max-image-preview:large, max-video-preview:-1\" \/>\n<link rel=\"canonical\" href=\"https:\/\/lire-ecrire-compter.com\/?product=affiches-des-sons-borel-maisonny\" \/>\n<meta property=\"og:locale\" content=\"fr_FR\" \/>\n<meta property=\"og:type\" content=\"article\" \/>\n<meta property=\"og:title\" content=\"Affiches des sons Borel-Maisonny - Lire \u00e9crire compter\" \/>\n<meta property=\"og:description\" content=\"Ces affiches, au format A4 reprennent les illustrations et les textes des cartes du m\u00eame nom. Elles permettent un affichage mural et aident \u00e0 la m\u00e9morisation des correspondances entre son et lettre(s). Les gestes et textes descriptifs de ces affiches sont issus de la m\u00e9thode...\" \/>\n<meta property=\"og:url\" content=\"https:\/\/lire-ecrire-compter.com\/?product=affiches-des-sons-borel-maisonny\" \/>\n<meta property=\"og:site_name\" content=\"Lire \u00e9crire compter\" \/>\n<meta property=\"article:modified_time\" content=\"2025-11-25T13:13:05+00:00\" \/>\n<meta property=\"og:image\" content=\"https:\/\/lire-ecrire-compter.com\/wp-content\/uploads\/2020\/03\/affiches-A4-e1582820792160.jpg\" \/>\n\t<meta property=\"og:image:width\" content=\"445\" \/>\n\t<meta property=\"og:image:height\" content=\"623\" \/>\n\t<meta property=\"og:image:type\" content=\"image\/jpeg\" \/>\n<meta name=\"twitter:card\" content=\"summary_large_image\" \/>\n<script type=\"application\/ld+json\" class=\"yoast-schema-graph\">{\"@context\":\"https:\/\/schema.org\",\"@graph\":[{\"@type\":\"WebPage\",\"@id\":\"https:\/\/lire-ecrire-compter.com\/?product=affiches-des-sons-borel-maisonny\",\"url\":\"https:\/\/lire-ecrire-compter.com\/?product=affiches-des-sons-borel-maisonny\",\"name\":\"Affiches des sons Borel-Maisonny - Lire \u00e9crire compter\",\"isPartOf\":{\"@id\":\"https:\/\/lire-ecrire-compter.com\/#website\"},\"primaryImageOfPage\":{\"@id\":\"https:\/\/lire-ecrire-compter.com\/?product=affiches-des-sons-borel-maisonny#primaryimage\"},\"image\":{\"@id\":\"https:\/\/lire-ecrire-compter.com\/?product=affiches-des-sons-borel-maisonny#primaryimage\"},\"thumbnailUrl\":\"https:\/\/lire-ecrire-compter.com\/wp-content\/uploads\/2020\/03\/affiches-A4-e1582820792160.jpg\",\"datePublished\":\"2020-03-06T09:52:06+00:00\",\"dateModified\":\"2025-11-25T13:13:05+00:00\",\"breadcrumb\":{\"@id\":\"https:\/\/lire-ecrire-compter.com\/?product=affiches-des-sons-borel-maisonny#breadcrumb\"},\"inLanguage\":\"fr-FR\",\"potentialAction\":[{\"@type\":\"ReadAction\",\"target\":[\"https:\/\/lire-ecrire-compter.com\/?product=affiches-des-sons-borel-maisonny\"]}]},{\"@type\":\"ImageObject\",\"inLanguage\":\"fr-FR\",\"@id\":\"https:\/\/lire-ecrire-compter.com\/?product=affiches-des-sons-borel-maisonny#primaryimage\",\"url\":\"https:\/\/lire-ecrire-compter.com\/wp-content\/uploads\/2020\/03\/affiches-A4-e1582820792160.jpg\",\"contentUrl\":\"https:\/\/lire-ecrire-compter.com\/wp-content\/uploads\/2020\/03\/affiches-A4-e1582820792160.jpg\",\"width\":445,\"height\":623},{\"@type\":\"BreadcrumbList\",\"@id\":\"https:\/\/lire-ecrire-compter.com\/?product=affiches-des-sons-borel-maisonny#breadcrumb\",\"itemListElement\":[{\"@type\":\"ListItem\",\"position\":1,\"name\":\"Accueil\",\"item\":\"https:\/\/lire-ecrire-compter.com\/\"},{\"@type\":\"ListItem\",\"position\":2,\"name\":\"La bo\u00eete \u00e0 jeux\",\"item\":\"https:\/\/lire-ecrire-compter.com\/?page_id=747\"},{\"@type\":\"ListItem\",\"position\":3,\"name\":\"Affiches des sons Borel-Maisonny\"}]},{\"@type\":\"WebSite\",\"@id\":\"https:\/\/lire-ecrire-compter.com\/#website\",\"url\":\"https:\/\/lire-ecrire-compter.com\/\",\"name\":\"Lire \u00e9crire compter\",\"description\":\"Jouer pour apprendre\",\"potentialAction\":[{\"@type\":\"SearchAction\",\"target\":{\"@type\":\"EntryPoint\",\"urlTemplate\":\"https:\/\/lire-ecrire-compter.com\/?s={search_term_string}\"},\"query-input\":{\"@type\":\"PropertyValueSpecification\",\"valueRequired\":true,\"valueName\":\"search_term_string\"}}],\"inLanguage\":\"fr-FR\"}]}<\/script>\n<!-- \/ Yoast SEO plugin. -->","yoast_head_json":{"title":"Affiches des sons Borel-Maisonny - Lire \u00e9crire compter","robots":{"index":"index","follow":"follow","max-snippet":"max-snippet:-1","max-image-preview":"max-image-preview:large","max-video-preview":"max-video-preview:-1"},"canonical":"https:\/\/lire-ecrire-compter.com\/?product=affiches-des-sons-borel-maisonny","og_locale":"fr_FR","og_type":"article","og_title":"Affiches des sons Borel-Maisonny - Lire \u00e9crire compter","og_description":"Ces affiches, au format A4 reprennent les illustrations et les textes des cartes du m\u00eame nom. Elles permettent un affichage mural et aident \u00e0 la m\u00e9morisation des correspondances entre son et lettre(s). Les gestes et textes descriptifs de ces affiches sont issus de la m\u00e9thode...","og_url":"https:\/\/lire-ecrire-compter.com\/?product=affiches-des-sons-borel-maisonny","og_site_name":"Lire \u00e9crire compter","article_modified_time":"2025-11-25T13:13:05+00:00","og_image":[{"width":445,"height":623,"url":"https:\/\/lire-ecrire-compter.com\/wp-content\/uploads\/2020\/03\/affiches-A4-e1582820792160.jpg","type":"image\/jpeg"}],"twitter_card":"summary_large_image","schema":{"@context":"https:\/\/schema.org","@graph":[{"@type":"WebPage","@id":"https:\/\/lire-ecrire-compter.com\/?product=affiches-des-sons-borel-maisonny","url":"https:\/\/lire-ecrire-compter.com\/?product=affiches-des-sons-borel-maisonny","name":"Affiches des sons Borel-Maisonny - Lire \u00e9crire compter","isPartOf":{"@id":"https:\/\/lire-ecrire-compter.com\/#website"},"primaryImageOfPage":{"@id":"https:\/\/lire-ecrire-compter.com\/?product=affiches-des-sons-borel-maisonny#primaryimage"},"image":{"@id":"https:\/\/lire-ecrire-compter.com\/?product=affiches-des-sons-borel-maisonny#primaryimage"},"thumbnailUrl":"https:\/\/lire-ecrire-compter.com\/wp-content\/uploads\/2020\/03\/affiches-A4-e1582820792160.jpg","datePublished":"2020-03-06T09:52:06+00:00","dateModified":"2025-11-25T13:13:05+00:00","breadcrumb":{"@id":"https:\/\/lire-ecrire-compter.com\/?product=affiches-des-sons-borel-maisonny#breadcrumb"},"inLanguage":"fr-FR","potentialAction":[{"@type":"ReadAction","target":["https:\/\/lire-ecrire-compter.com\/?product=affiches-des-sons-borel-maisonny"]}]},{"@type":"ImageObject","inLanguage":"fr-FR","@id":"https:\/\/lire-ecrire-compter.com\/?product=affiches-des-sons-borel-maisonny#primaryimage","url":"https:\/\/lire-ecrire-compter.com\/wp-content\/uploads\/2020\/03\/affiches-A4-e1582820792160.jpg","contentUrl":"https:\/\/lire-ecrire-compter.com\/wp-content\/uploads\/2020\/03\/affiches-A4-e1582820792160.jpg","width":445,"height":623},{"@type":"BreadcrumbList","@id":"https:\/\/lire-ecrire-compter.com\/?product=affiches-des-sons-borel-maisonny#breadcrumb","itemListElement":[{"@type":"ListItem","position":1,"name":"Accueil","item":"https:\/\/lire-ecrire-compter.com\/"},{"@type":"ListItem","position":2,"name":"La bo\u00eete \u00e0 jeux","item":"https:\/\/lire-ecrire-compter.com\/?page_id=747"},{"@type":"ListItem","position":3,"name":"Affiches des sons Borel-Maisonny"}]},{"@type":"WebSite","@id":"https:\/\/lire-ecrire-compter.com\/#website","url":"https:\/\/lire-ecrire-compter.com\/","name":"Lire \u00e9crire compter","description":"Jouer pour apprendre","potentialAction":[{"@type":"SearchAction","target":{"@type":"EntryPoint","urlTemplate":"https:\/\/lire-ecrire-compter.com\/?s={search_term_string}"},"query-input":{"@type":"PropertyValueSpecification","valueRequired":true,"valueName":"search_term_string"}}],"inLanguage":"fr-FR"}]}},"_links":{"self":[{"href":"https:\/\/lire-ecrire-compter.com\/index.php?rest_route=\/wp\/v2\/product\/2130","targetHints":{"allow":["GET"]}}],"collection":[{"href":"https:\/\/lire-ecrire-compter.com\/index.php?rest_route=\/wp\/v2\/product"}],"about":[{"href":"https:\/\/lire-ecrire-compter.com\/index.php?rest_route=\/wp\/v2\/types\/product"}],"replies":[{"embeddable":true,"href":"https:\/\/lire-ecrire-compter.com\/index.php?rest_route=%2Fwp%2Fv2%2Fcomments&post=2130"}],"wp:featuredmedia":[{"embeddable":true,"href":"https:\/\/lire-ecrire-compter.com\/index.php?rest_route=\/wp\/v2\/media\/2147"}],"wp:attachment":[{"href":"https:\/\/lire-ecrire-compter.com\/index.php?rest_route=%2Fwp%2Fv2%2Fmedia&parent=2130"}],"wp:term":[{"taxonomy":"product_brand","embeddable":true,"href":"https:\/\/lire-ecrire-compter.com\/index.php?rest_route=%2Fwp%2Fv2%2Fproduct_brand&post=2130"},{"taxonomy":"product_cat","embeddable":true,"href":"https:\/\/lire-ecrire-compter.com\/index.php?rest_route=%2Fwp%2Fv2%2Fproduct_cat&post=2130"},{"taxonomy":"product_tag","embeddable":true,"href":"https:\/\/lire-ecrire-compter.com\/index.php?rest_route=%2Fwp%2Fv2%2Fproduct_tag&post=2130"}],"curies":[{"name":"wp","href":"https:\/\/api.w.org\/{rel}","templated":true}]}}