{"id":2102,"date":"2020-03-06T10:51:52","date_gmt":"2020-03-06T09:51:52","guid":{"rendered":"https:\/\/lire-ecrire-compter.com\/?product=import-placeholder-for-34857"},"modified":"2024-09-10T14:31:19","modified_gmt":"2024-09-10T12:31:19","slug":"une-belle-brochette","status":"publish","type":"product","link":"https:\/\/lire-ecrire-compter.com\/?product=une-belle-brochette","title":{"rendered":"Une belle brochette"},"content":{"rendered":"<p><span style=\"color: #92d001;\"><strong>BUT DU JEU :<\/strong> <\/span><br \/>\n<span style=\"color: #92d001;\">Les joueurs doivent <strong>collecter sur un plateau les ingr\u00e9dients n\u00e9cessaires \u00e0 la confection d&rsquo;une brochette<\/strong>.\u00a0 La <strong>recette<\/strong> de chaque brochette est donn\u00e9e<strong> par une carte-consigne<\/strong>. Le premier ou la premi\u00e8re \u00e0 pouvoir <strong>confectionner sa brochette a gagn\u00e9<\/strong>.<\/span><\/p>\n<p><span style=\"color: #ff5b72;\"><strong>COMPOSITION :<\/strong><\/span><br \/>\n<span style=\"color: #ff5b72;\">Il se compose d&rsquo;un <strong>plateau de jeu, <\/strong>de <strong>6 pions<\/strong>, d&rsquo;<strong>un d\u00e9<\/strong>, de<strong> 48 jetons-fruits<\/strong> (6 fruits de chaque vari\u00e9t\u00e9), de<strong> 6 \u00ab\u00a0brochettes \u00e0 garnir\u00a0\u00bb<\/strong>, de <strong>69 cartes \u00ab\u00a0recette de brochette\u00a0\u00bb.\u00a0<\/strong><strong> 23 cartes des solutions <\/strong>(\u00e0 regrouper sous la forme d&rsquo;un m\u00e9mento) permettent la validation.<\/span><\/p>\n<p><span style=\"color: #46acbf;\"><strong>OBJECTIFS :<\/strong> <\/span><br \/>\n<span style=\"color: #46acbf;\">Ce jeu vise \u00e0 am\u00e9liorer la <strong>compr\u00e9hension<\/strong> lors de la <strong>lecture de consignes<\/strong>. Il s&rsquo;agit : d<strong>&lsquo;extraire des informations<\/strong>, de <strong>comprendre des anaphores<\/strong>, d&rsquo;<strong>organiser des donn\u00e9es selon des crit\u00e8res chronologiques ou spatiaux<\/strong>, de <strong>d\u00e9duire<\/strong>, d&rsquo;<strong>inf\u00e9rer<\/strong> mais aussi d&rsquo;<strong>organiser des d\u00e9placements sur quadrillage<\/strong> et de <strong>mettre en place une strat\u00e9gie<\/strong>.<\/span><\/p>\n","protected":false},"excerpt":{"rendered":"<p>BUT DU JEU : Les joueurs doivent collecter sur un plateau les ingr\u00e9dients n\u00e9cessaires \u00e0 la confection d&rsquo;une brochette.\u00a0 La recette de chaque brochette est donn\u00e9e par une carte-consigne. Le premier ou la premi\u00e8re \u00e0 pouvoir confectionner sa brochette a gagn\u00e9. COMPOSITION : Il se&#8230;<\/p>\n","protected":false},"featured_media":1085,"comment_status":"open","ping_status":"closed","template":"","meta":{"give_campaign_id":0,"om_disable_all_campaigns":false,"_monsterinsights_skip_tracking":false,"_monsterinsights_sitenote_active":false,"_monsterinsights_sitenote_note":"","_monsterinsights_sitenote_category":0,"_uf_show_specific_survey":0,"_uf_disable_surveys":false},"product_brand":[],"product_cat":[152,147,98],"product_tag":[122,142],"class_list":{"0":"post-2102","1":"product","2":"type-product","3":"status-publish","4":"has-post-thumbnail","6":"product_cat-cm1-cm2","7":"product_cat-jeux","8":"product_cat-jeux-autour-de-la-lecture","9":"product_tag-anticiper-inferer-et-comprendre","10":"product_tag-comprendre-des-criteres-chronologiques-ou-spatiaux","12":"first","13":"instock","14":"downloadable","15":"virtual","16":"purchasable","17":"product-type-simple"},"yoast_head":"<!-- This site is optimized with the Yoast SEO plugin v27.1.1 - https:\/\/yoast.com\/product\/yoast-seo-wordpress\/ -->\n<title>Une belle brochette - Lire \u00e9crire compter<\/title>\n<meta name=\"description\" content=\"Ce jeu de lecture vise \u00e0 am\u00e9liorer la compr\u00e9hension des consignes. Il s&#039;agit d&#039;extraire des informations, de comprendre des anaphores, d&#039;organiser des donn\u00e9es selon des crit\u00e8res chronologiques ou spatiaux, de d\u00e9duire, d&#039;inf\u00e9rer mais aussi d&#039;organiser des d\u00e9placements sur quadrillage et de mettre en place une strat\u00e9gie.\" \/>\n<meta name=\"robots\" content=\"index, follow, max-snippet:-1, max-image-preview:large, max-video-preview:-1\" \/>\n<link rel=\"canonical\" href=\"https:\/\/lire-ecrire-compter.com\/?product=une-belle-brochette\" \/>\n<meta property=\"og:locale\" content=\"fr_FR\" \/>\n<meta property=\"og:type\" content=\"article\" \/>\n<meta property=\"og:title\" content=\"Une belle brochette - Lire \u00e9crire compter\" \/>\n<meta property=\"og:description\" content=\"Ce jeu de lecture vise \u00e0 am\u00e9liorer la compr\u00e9hension des consignes. Il s&#039;agit d&#039;extraire des informations, de comprendre des anaphores, d&#039;organiser des donn\u00e9es selon des crit\u00e8res chronologiques ou spatiaux, de d\u00e9duire, d&#039;inf\u00e9rer mais aussi d&#039;organiser des d\u00e9placements sur quadrillage et de mettre en place une strat\u00e9gie.\" \/>\n<meta property=\"og:url\" content=\"https:\/\/lire-ecrire-compter.com\/?product=une-belle-brochette\" \/>\n<meta property=\"og:site_name\" content=\"Lire \u00e9crire compter\" \/>\n<meta property=\"article:modified_time\" content=\"2024-09-10T12:31:19+00:00\" \/>\n<meta property=\"og:image\" content=\"https:\/\/lire-ecrire-compter.com\/wp-content\/uploads\/2020\/02\/IMG_8678-scaled-e1576681515689.jpg\" \/>\n\t<meta property=\"og:image:width\" content=\"1200\" \/>\n\t<meta property=\"og:image:height\" content=\"711\" \/>\n\t<meta property=\"og:image:type\" content=\"image\/jpeg\" \/>\n<meta name=\"twitter:card\" content=\"summary_large_image\" \/>\n<meta name=\"twitter:label1\" content=\"Dur\u00e9e de lecture estim\u00e9e\" \/>\n\t<meta name=\"twitter:data1\" content=\"1 minute\" \/>\n<script type=\"application\/ld+json\" class=\"yoast-schema-graph\">{\"@context\":\"https:\/\/schema.org\",\"@graph\":[{\"@type\":\"WebPage\",\"@id\":\"https:\/\/lire-ecrire-compter.com\/?product=une-belle-brochette\",\"url\":\"https:\/\/lire-ecrire-compter.com\/?product=une-belle-brochette\",\"name\":\"Une belle brochette - Lire \u00e9crire compter\",\"isPartOf\":{\"@id\":\"https:\/\/lire-ecrire-compter.com\/#website\"},\"primaryImageOfPage\":{\"@id\":\"https:\/\/lire-ecrire-compter.com\/?product=une-belle-brochette#primaryimage\"},\"image\":{\"@id\":\"https:\/\/lire-ecrire-compter.com\/?product=une-belle-brochette#primaryimage\"},\"thumbnailUrl\":\"https:\/\/lire-ecrire-compter.com\/wp-content\/uploads\/2020\/02\/IMG_8678-scaled-e1576681515689.jpg\",\"datePublished\":\"2020-03-06T09:51:52+00:00\",\"dateModified\":\"2024-09-10T12:31:19+00:00\",\"description\":\"Ce jeu de lecture vise \u00e0 am\u00e9liorer la compr\u00e9hension des consignes. Il s'agit d'extraire des informations, de comprendre des anaphores, d'organiser des donn\u00e9es selon des crit\u00e8res chronologiques ou spatiaux, de d\u00e9duire, d'inf\u00e9rer mais aussi d'organiser des d\u00e9placements sur quadrillage et de mettre en place une strat\u00e9gie.\",\"breadcrumb\":{\"@id\":\"https:\/\/lire-ecrire-compter.com\/?product=une-belle-brochette#breadcrumb\"},\"inLanguage\":\"fr-FR\",\"potentialAction\":[{\"@type\":\"ReadAction\",\"target\":[\"https:\/\/lire-ecrire-compter.com\/?product=une-belle-brochette\"]}]},{\"@type\":\"ImageObject\",\"inLanguage\":\"fr-FR\",\"@id\":\"https:\/\/lire-ecrire-compter.com\/?product=une-belle-brochette#primaryimage\",\"url\":\"https:\/\/lire-ecrire-compter.com\/wp-content\/uploads\/2020\/02\/IMG_8678-scaled-e1576681515689.jpg\",\"contentUrl\":\"https:\/\/lire-ecrire-compter.com\/wp-content\/uploads\/2020\/02\/IMG_8678-scaled-e1576681515689.jpg\",\"width\":1200,\"height\":711},{\"@type\":\"BreadcrumbList\",\"@id\":\"https:\/\/lire-ecrire-compter.com\/?product=une-belle-brochette#breadcrumb\",\"itemListElement\":[{\"@type\":\"ListItem\",\"position\":1,\"name\":\"Accueil\",\"item\":\"https:\/\/lire-ecrire-compter.com\/\"},{\"@type\":\"ListItem\",\"position\":2,\"name\":\"La bo\u00eete \u00e0 jeux\",\"item\":\"https:\/\/lire-ecrire-compter.com\/?page_id=747\"},{\"@type\":\"ListItem\",\"position\":3,\"name\":\"Une belle brochette\"}]},{\"@type\":\"WebSite\",\"@id\":\"https:\/\/lire-ecrire-compter.com\/#website\",\"url\":\"https:\/\/lire-ecrire-compter.com\/\",\"name\":\"Lire \u00e9crire compter\",\"description\":\"Jouer pour apprendre\",\"potentialAction\":[{\"@type\":\"SearchAction\",\"target\":{\"@type\":\"EntryPoint\",\"urlTemplate\":\"https:\/\/lire-ecrire-compter.com\/?s={search_term_string}\"},\"query-input\":{\"@type\":\"PropertyValueSpecification\",\"valueRequired\":true,\"valueName\":\"search_term_string\"}}],\"inLanguage\":\"fr-FR\"}]}<\/script>\n<!-- \/ Yoast SEO plugin. -->","yoast_head_json":{"title":"Une belle brochette - Lire \u00e9crire compter","description":"Ce jeu de lecture vise \u00e0 am\u00e9liorer la compr\u00e9hension des consignes. Il s'agit d'extraire des informations, de comprendre des anaphores, d'organiser des donn\u00e9es selon des crit\u00e8res chronologiques ou spatiaux, de d\u00e9duire, d'inf\u00e9rer mais aussi d'organiser des d\u00e9placements sur quadrillage et de mettre en place une strat\u00e9gie.","robots":{"index":"index","follow":"follow","max-snippet":"max-snippet:-1","max-image-preview":"max-image-preview:large","max-video-preview":"max-video-preview:-1"},"canonical":"https:\/\/lire-ecrire-compter.com\/?product=une-belle-brochette","og_locale":"fr_FR","og_type":"article","og_title":"Une belle brochette - Lire \u00e9crire compter","og_description":"Ce jeu de lecture vise \u00e0 am\u00e9liorer la compr\u00e9hension des consignes. Il s'agit d'extraire des informations, de comprendre des anaphores, d'organiser des donn\u00e9es selon des crit\u00e8res chronologiques ou spatiaux, de d\u00e9duire, d'inf\u00e9rer mais aussi d'organiser des d\u00e9placements sur quadrillage et de mettre en place une strat\u00e9gie.","og_url":"https:\/\/lire-ecrire-compter.com\/?product=une-belle-brochette","og_site_name":"Lire \u00e9crire compter","article_modified_time":"2024-09-10T12:31:19+00:00","og_image":[{"width":1200,"height":711,"url":"https:\/\/lire-ecrire-compter.com\/wp-content\/uploads\/2020\/02\/IMG_8678-scaled-e1576681515689.jpg","type":"image\/jpeg"}],"twitter_card":"summary_large_image","twitter_misc":{"Dur\u00e9e de lecture estim\u00e9e":"1 minute"},"schema":{"@context":"https:\/\/schema.org","@graph":[{"@type":"WebPage","@id":"https:\/\/lire-ecrire-compter.com\/?product=une-belle-brochette","url":"https:\/\/lire-ecrire-compter.com\/?product=une-belle-brochette","name":"Une belle brochette - Lire \u00e9crire compter","isPartOf":{"@id":"https:\/\/lire-ecrire-compter.com\/#website"},"primaryImageOfPage":{"@id":"https:\/\/lire-ecrire-compter.com\/?product=une-belle-brochette#primaryimage"},"image":{"@id":"https:\/\/lire-ecrire-compter.com\/?product=une-belle-brochette#primaryimage"},"thumbnailUrl":"https:\/\/lire-ecrire-compter.com\/wp-content\/uploads\/2020\/02\/IMG_8678-scaled-e1576681515689.jpg","datePublished":"2020-03-06T09:51:52+00:00","dateModified":"2024-09-10T12:31:19+00:00","description":"Ce jeu de lecture vise \u00e0 am\u00e9liorer la compr\u00e9hension des consignes. Il s'agit d'extraire des informations, de comprendre des anaphores, d'organiser des donn\u00e9es selon des crit\u00e8res chronologiques ou spatiaux, de d\u00e9duire, d'inf\u00e9rer mais aussi d'organiser des d\u00e9placements sur quadrillage et de mettre en place une strat\u00e9gie.","breadcrumb":{"@id":"https:\/\/lire-ecrire-compter.com\/?product=une-belle-brochette#breadcrumb"},"inLanguage":"fr-FR","potentialAction":[{"@type":"ReadAction","target":["https:\/\/lire-ecrire-compter.com\/?product=une-belle-brochette"]}]},{"@type":"ImageObject","inLanguage":"fr-FR","@id":"https:\/\/lire-ecrire-compter.com\/?product=une-belle-brochette#primaryimage","url":"https:\/\/lire-ecrire-compter.com\/wp-content\/uploads\/2020\/02\/IMG_8678-scaled-e1576681515689.jpg","contentUrl":"https:\/\/lire-ecrire-compter.com\/wp-content\/uploads\/2020\/02\/IMG_8678-scaled-e1576681515689.jpg","width":1200,"height":711},{"@type":"BreadcrumbList","@id":"https:\/\/lire-ecrire-compter.com\/?product=une-belle-brochette#breadcrumb","itemListElement":[{"@type":"ListItem","position":1,"name":"Accueil","item":"https:\/\/lire-ecrire-compter.com\/"},{"@type":"ListItem","position":2,"name":"La bo\u00eete \u00e0 jeux","item":"https:\/\/lire-ecrire-compter.com\/?page_id=747"},{"@type":"ListItem","position":3,"name":"Une belle brochette"}]},{"@type":"WebSite","@id":"https:\/\/lire-ecrire-compter.com\/#website","url":"https:\/\/lire-ecrire-compter.com\/","name":"Lire \u00e9crire compter","description":"Jouer pour apprendre","potentialAction":[{"@type":"SearchAction","target":{"@type":"EntryPoint","urlTemplate":"https:\/\/lire-ecrire-compter.com\/?s={search_term_string}"},"query-input":{"@type":"PropertyValueSpecification","valueRequired":true,"valueName":"search_term_string"}}],"inLanguage":"fr-FR"}]}},"_links":{"self":[{"href":"https:\/\/lire-ecrire-compter.com\/index.php?rest_route=\/wp\/v2\/product\/2102","targetHints":{"allow":["GET"]}}],"collection":[{"href":"https:\/\/lire-ecrire-compter.com\/index.php?rest_route=\/wp\/v2\/product"}],"about":[{"href":"https:\/\/lire-ecrire-compter.com\/index.php?rest_route=\/wp\/v2\/types\/product"}],"replies":[{"embeddable":true,"href":"https:\/\/lire-ecrire-compter.com\/index.php?rest_route=%2Fwp%2Fv2%2Fcomments&post=2102"}],"wp:featuredmedia":[{"embeddable":true,"href":"https:\/\/lire-ecrire-compter.com\/index.php?rest_route=\/wp\/v2\/media\/1085"}],"wp:attachment":[{"href":"https:\/\/lire-ecrire-compter.com\/index.php?rest_route=%2Fwp%2Fv2%2Fmedia&parent=2102"}],"wp:term":[{"taxonomy":"product_brand","embeddable":true,"href":"https:\/\/lire-ecrire-compter.com\/index.php?rest_route=%2Fwp%2Fv2%2Fproduct_brand&post=2102"},{"taxonomy":"product_cat","embeddable":true,"href":"https:\/\/lire-ecrire-compter.com\/index.php?rest_route=%2Fwp%2Fv2%2Fproduct_cat&post=2102"},{"taxonomy":"product_tag","embeddable":true,"href":"https:\/\/lire-ecrire-compter.com\/index.php?rest_route=%2Fwp%2Fv2%2Fproduct_tag&post=2102"}],"curies":[{"name":"wp","href":"https:\/\/api.w.org\/{rel}","templated":true}]}}