{"id":2080,"date":"2020-03-06T10:51:42","date_gmt":"2020-03-06T09:51:42","guid":{"rendered":"https:\/\/lire-ecrire-compter.com\/?product=import-placeholder-for-5206"},"modified":"2026-03-29T19:34:33","modified_gmt":"2026-03-29T17:34:33","slug":"deux-bebes-a-quatre-pattes","status":"publish","type":"product","link":"https:\/\/lire-ecrire-compter.com\/?product=deux-bebes-a-quatre-pattes","title":{"rendered":"Deux b\u00e9b\u00e9s \u00e0 quatre pattes"},"content":{"rendered":"<p><span style=\"color: #92d001;\"><strong>BUT DU JEU<br \/>\nTerminer le plus possible de s\u00e9ries \u00ab\u00a0d b q p\u00a0\u00bb<\/strong> \u00e0 l&rsquo;aide de cartes-mots tir\u00e9es dans la pioche.<\/span><\/p>\n<p><span style=\"color: #ff5b72;\"><strong>COMPOSITION<\/strong><\/span><br \/>\n<span style=\"color: #ff5b72;\"><strong>Il est compos\u00e9<\/strong> de 4 plaques de collecte \u00ab\u00a0Deux b\u00e9b\u00e9s \u00e0 quatre pattes\u00a0\u00bb, de\u00a0 <strong>32 cartes-mots et\u00a0<\/strong>de<strong> 8 cartes-bonus.<\/strong> <\/span><\/p>\n<p><span style=\"color: #46acbf;\"><strong>OBJECTIFS<br \/>\n<\/strong>Ce jeu entra\u00eene l&rsquo;enfant \u00e0 la discrimination visuelle des<strong> lettres sym\u00e9triques d\/b\/q\/p<\/strong><\/span><\/p>\n","protected":false},"excerpt":{"rendered":"<p>BUT DU JEU Terminer le plus possible de s\u00e9ries \u00ab\u00a0d b q p\u00a0\u00bb \u00e0 l&rsquo;aide de cartes-mots tir\u00e9es dans la pioche. COMPOSITION Il est compos\u00e9 de 4 plaques de collecte \u00ab\u00a0Deux b\u00e9b\u00e9s \u00e0 quatre pattes\u00a0\u00bb, de\u00a0 32 cartes-mots et\u00a0de 8 cartes-bonus. OBJECTIFS Ce jeu entra\u00eene&#8230;<\/p>\n","protected":false},"featured_media":961,"comment_status":"open","ping_status":"closed","template":"","meta":{"give_campaign_id":0,"om_disable_all_campaigns":false,"_monsterinsights_skip_tracking":false,"_monsterinsights_sitenote_active":false,"_monsterinsights_sitenote_note":"","_monsterinsights_sitenote_category":0,"_uf_show_specific_survey":0,"_uf_disable_surveys":false},"product_brand":[],"product_cat":[106,147,98],"product_tag":[133],"class_list":{"0":"post-2080","1":"product","2":"type-product","3":"status-publish","4":"has-post-thumbnail","6":"product_cat-cp","7":"product_cat-jeux","8":"product_cat-jeux-autour-de-la-lecture","9":"product_tag-discriminer-les-lettres-visuellement-proches","11":"first","12":"instock","13":"downloadable","14":"virtual","15":"purchasable","16":"product-type-simple"},"yoast_head":"<!-- This site is optimized with the Yoast SEO plugin v27.1.1 - https:\/\/yoast.com\/product\/yoast-seo-wordpress\/ -->\n<title>Deux b\u00e9b\u00e9s \u00e0 quatre pattes - Lire \u00e9crire compter<\/title>\n<meta name=\"description\" content=\"Ce jeu entra\u00eene l&#039;enfant \u00e0 la discrimination visuelle des lettres sym\u00e9triques d\/b\/q\/p\" \/>\n<meta name=\"robots\" content=\"index, follow, max-snippet:-1, max-image-preview:large, max-video-preview:-1\" \/>\n<link rel=\"canonical\" href=\"https:\/\/lire-ecrire-compter.com\/?product=deux-bebes-a-quatre-pattes\" \/>\n<meta property=\"og:locale\" content=\"fr_FR\" \/>\n<meta property=\"og:type\" content=\"article\" \/>\n<meta property=\"og:title\" content=\"Deux b\u00e9b\u00e9s \u00e0 quatre pattes - Lire \u00e9crire compter\" \/>\n<meta property=\"og:description\" content=\"Ce jeu entra\u00eene l&#039;enfant \u00e0 la discrimination visuelle des lettres sym\u00e9triques d\/b\/q\/p\" \/>\n<meta property=\"og:url\" content=\"https:\/\/lire-ecrire-compter.com\/?product=deux-bebes-a-quatre-pattes\" \/>\n<meta property=\"og:site_name\" content=\"Lire \u00e9crire compter\" \/>\n<meta property=\"article:modified_time\" content=\"2026-03-29T17:34:33+00:00\" \/>\n<meta property=\"og:image\" content=\"https:\/\/lire-ecrire-compter.com\/wp-content\/uploads\/2020\/02\/cartes-et-cartes-bonus-e1574163329905.jpg\" \/>\n\t<meta property=\"og:image:width\" content=\"1400\" \/>\n\t<meta property=\"og:image:height\" content=\"1259\" \/>\n\t<meta property=\"og:image:type\" content=\"image\/jpeg\" \/>\n<meta name=\"twitter:card\" content=\"summary_large_image\" \/>\n<script type=\"application\/ld+json\" class=\"yoast-schema-graph\">{\"@context\":\"https:\/\/schema.org\",\"@graph\":[{\"@type\":\"WebPage\",\"@id\":\"https:\/\/lire-ecrire-compter.com\/?product=deux-bebes-a-quatre-pattes\",\"url\":\"https:\/\/lire-ecrire-compter.com\/?product=deux-bebes-a-quatre-pattes\",\"name\":\"Deux b\u00e9b\u00e9s \u00e0 quatre pattes - Lire \u00e9crire compter\",\"isPartOf\":{\"@id\":\"https:\/\/lire-ecrire-compter.com\/#website\"},\"primaryImageOfPage\":{\"@id\":\"https:\/\/lire-ecrire-compter.com\/?product=deux-bebes-a-quatre-pattes#primaryimage\"},\"image\":{\"@id\":\"https:\/\/lire-ecrire-compter.com\/?product=deux-bebes-a-quatre-pattes#primaryimage\"},\"thumbnailUrl\":\"https:\/\/lire-ecrire-compter.com\/wp-content\/uploads\/2020\/02\/cartes-et-cartes-bonus-e1574163329905.jpg\",\"datePublished\":\"2020-03-06T09:51:42+00:00\",\"dateModified\":\"2026-03-29T17:34:33+00:00\",\"description\":\"Ce jeu entra\u00eene l'enfant \u00e0 la discrimination visuelle des lettres sym\u00e9triques d\/b\/q\/p\",\"breadcrumb\":{\"@id\":\"https:\/\/lire-ecrire-compter.com\/?product=deux-bebes-a-quatre-pattes#breadcrumb\"},\"inLanguage\":\"fr-FR\",\"potentialAction\":[{\"@type\":\"ReadAction\",\"target\":[\"https:\/\/lire-ecrire-compter.com\/?product=deux-bebes-a-quatre-pattes\"]}]},{\"@type\":\"ImageObject\",\"inLanguage\":\"fr-FR\",\"@id\":\"https:\/\/lire-ecrire-compter.com\/?product=deux-bebes-a-quatre-pattes#primaryimage\",\"url\":\"https:\/\/lire-ecrire-compter.com\/wp-content\/uploads\/2020\/02\/cartes-et-cartes-bonus-e1574163329905.jpg\",\"contentUrl\":\"https:\/\/lire-ecrire-compter.com\/wp-content\/uploads\/2020\/02\/cartes-et-cartes-bonus-e1574163329905.jpg\",\"width\":1400,\"height\":1259},{\"@type\":\"BreadcrumbList\",\"@id\":\"https:\/\/lire-ecrire-compter.com\/?product=deux-bebes-a-quatre-pattes#breadcrumb\",\"itemListElement\":[{\"@type\":\"ListItem\",\"position\":1,\"name\":\"Accueil\",\"item\":\"https:\/\/lire-ecrire-compter.com\/\"},{\"@type\":\"ListItem\",\"position\":2,\"name\":\"La bo\u00eete \u00e0 jeux\",\"item\":\"https:\/\/lire-ecrire-compter.com\/?page_id=747\"},{\"@type\":\"ListItem\",\"position\":3,\"name\":\"Deux b\u00e9b\u00e9s \u00e0 quatre pattes\"}]},{\"@type\":\"WebSite\",\"@id\":\"https:\/\/lire-ecrire-compter.com\/#website\",\"url\":\"https:\/\/lire-ecrire-compter.com\/\",\"name\":\"Lire \u00e9crire compter\",\"description\":\"Jouer pour apprendre\",\"potentialAction\":[{\"@type\":\"SearchAction\",\"target\":{\"@type\":\"EntryPoint\",\"urlTemplate\":\"https:\/\/lire-ecrire-compter.com\/?s={search_term_string}\"},\"query-input\":{\"@type\":\"PropertyValueSpecification\",\"valueRequired\":true,\"valueName\":\"search_term_string\"}}],\"inLanguage\":\"fr-FR\"}]}<\/script>\n<!-- \/ Yoast SEO plugin. -->","yoast_head_json":{"title":"Deux b\u00e9b\u00e9s \u00e0 quatre pattes - Lire \u00e9crire compter","description":"Ce jeu entra\u00eene l'enfant \u00e0 la discrimination visuelle des lettres sym\u00e9triques d\/b\/q\/p","robots":{"index":"index","follow":"follow","max-snippet":"max-snippet:-1","max-image-preview":"max-image-preview:large","max-video-preview":"max-video-preview:-1"},"canonical":"https:\/\/lire-ecrire-compter.com\/?product=deux-bebes-a-quatre-pattes","og_locale":"fr_FR","og_type":"article","og_title":"Deux b\u00e9b\u00e9s \u00e0 quatre pattes - Lire \u00e9crire compter","og_description":"Ce jeu entra\u00eene l'enfant \u00e0 la discrimination visuelle des lettres sym\u00e9triques d\/b\/q\/p","og_url":"https:\/\/lire-ecrire-compter.com\/?product=deux-bebes-a-quatre-pattes","og_site_name":"Lire \u00e9crire compter","article_modified_time":"2026-03-29T17:34:33+00:00","og_image":[{"width":1400,"height":1259,"url":"https:\/\/lire-ecrire-compter.com\/wp-content\/uploads\/2020\/02\/cartes-et-cartes-bonus-e1574163329905.jpg","type":"image\/jpeg"}],"twitter_card":"summary_large_image","schema":{"@context":"https:\/\/schema.org","@graph":[{"@type":"WebPage","@id":"https:\/\/lire-ecrire-compter.com\/?product=deux-bebes-a-quatre-pattes","url":"https:\/\/lire-ecrire-compter.com\/?product=deux-bebes-a-quatre-pattes","name":"Deux b\u00e9b\u00e9s \u00e0 quatre pattes - Lire \u00e9crire compter","isPartOf":{"@id":"https:\/\/lire-ecrire-compter.com\/#website"},"primaryImageOfPage":{"@id":"https:\/\/lire-ecrire-compter.com\/?product=deux-bebes-a-quatre-pattes#primaryimage"},"image":{"@id":"https:\/\/lire-ecrire-compter.com\/?product=deux-bebes-a-quatre-pattes#primaryimage"},"thumbnailUrl":"https:\/\/lire-ecrire-compter.com\/wp-content\/uploads\/2020\/02\/cartes-et-cartes-bonus-e1574163329905.jpg","datePublished":"2020-03-06T09:51:42+00:00","dateModified":"2026-03-29T17:34:33+00:00","description":"Ce jeu entra\u00eene l'enfant \u00e0 la discrimination visuelle des lettres sym\u00e9triques d\/b\/q\/p","breadcrumb":{"@id":"https:\/\/lire-ecrire-compter.com\/?product=deux-bebes-a-quatre-pattes#breadcrumb"},"inLanguage":"fr-FR","potentialAction":[{"@type":"ReadAction","target":["https:\/\/lire-ecrire-compter.com\/?product=deux-bebes-a-quatre-pattes"]}]},{"@type":"ImageObject","inLanguage":"fr-FR","@id":"https:\/\/lire-ecrire-compter.com\/?product=deux-bebes-a-quatre-pattes#primaryimage","url":"https:\/\/lire-ecrire-compter.com\/wp-content\/uploads\/2020\/02\/cartes-et-cartes-bonus-e1574163329905.jpg","contentUrl":"https:\/\/lire-ecrire-compter.com\/wp-content\/uploads\/2020\/02\/cartes-et-cartes-bonus-e1574163329905.jpg","width":1400,"height":1259},{"@type":"BreadcrumbList","@id":"https:\/\/lire-ecrire-compter.com\/?product=deux-bebes-a-quatre-pattes#breadcrumb","itemListElement":[{"@type":"ListItem","position":1,"name":"Accueil","item":"https:\/\/lire-ecrire-compter.com\/"},{"@type":"ListItem","position":2,"name":"La bo\u00eete \u00e0 jeux","item":"https:\/\/lire-ecrire-compter.com\/?page_id=747"},{"@type":"ListItem","position":3,"name":"Deux b\u00e9b\u00e9s \u00e0 quatre pattes"}]},{"@type":"WebSite","@id":"https:\/\/lire-ecrire-compter.com\/#website","url":"https:\/\/lire-ecrire-compter.com\/","name":"Lire \u00e9crire compter","description":"Jouer pour apprendre","potentialAction":[{"@type":"SearchAction","target":{"@type":"EntryPoint","urlTemplate":"https:\/\/lire-ecrire-compter.com\/?s={search_term_string}"},"query-input":{"@type":"PropertyValueSpecification","valueRequired":true,"valueName":"search_term_string"}}],"inLanguage":"fr-FR"}]}},"_links":{"self":[{"href":"https:\/\/lire-ecrire-compter.com\/index.php?rest_route=\/wp\/v2\/product\/2080","targetHints":{"allow":["GET"]}}],"collection":[{"href":"https:\/\/lire-ecrire-compter.com\/index.php?rest_route=\/wp\/v2\/product"}],"about":[{"href":"https:\/\/lire-ecrire-compter.com\/index.php?rest_route=\/wp\/v2\/types\/product"}],"replies":[{"embeddable":true,"href":"https:\/\/lire-ecrire-compter.com\/index.php?rest_route=%2Fwp%2Fv2%2Fcomments&post=2080"}],"wp:featuredmedia":[{"embeddable":true,"href":"https:\/\/lire-ecrire-compter.com\/index.php?rest_route=\/wp\/v2\/media\/961"}],"wp:attachment":[{"href":"https:\/\/lire-ecrire-compter.com\/index.php?rest_route=%2Fwp%2Fv2%2Fmedia&parent=2080"}],"wp:term":[{"taxonomy":"product_brand","embeddable":true,"href":"https:\/\/lire-ecrire-compter.com\/index.php?rest_route=%2Fwp%2Fv2%2Fproduct_brand&post=2080"},{"taxonomy":"product_cat","embeddable":true,"href":"https:\/\/lire-ecrire-compter.com\/index.php?rest_route=%2Fwp%2Fv2%2Fproduct_cat&post=2080"},{"taxonomy":"product_tag","embeddable":true,"href":"https:\/\/lire-ecrire-compter.com\/index.php?rest_route=%2Fwp%2Fv2%2Fproduct_tag&post=2080"}],"curies":[{"name":"wp","href":"https:\/\/api.w.org\/{rel}","templated":true}]}}