{"id":2071,"date":"2020-03-06T10:51:40","date_gmt":"2020-03-06T09:51:40","guid":{"rendered":"https:\/\/lire-ecrire-compter.com\/?product=import-placeholder-for-2980"},"modified":"2022-05-15T15:55:56","modified_gmt":"2022-05-15T13:55:56","slug":"les-sons-sonnent","status":"publish","type":"product","link":"https:\/\/lire-ecrire-compter.com\/?product=les-sons-sonnent","title":{"rendered":"Les sons sonnent (version 2020)"},"content":{"rendered":"<p><span style=\"color: #92d001;\"><strong>BUT DU JEU<br \/>\n<\/strong> Il s&rsquo;agit de <strong>rep\u00e9rer puis <\/strong>de <strong>retrouver 4 cartes avec des crit\u00e8res donn\u00e9s. Chaque joueur re\u00e7oit <\/strong>en d\u00e9but de jeu<strong> une carte \u00ab\u00a0mission\u00a0\u00bb. Celle-ci lui indique les 4 sons \u00e0 retrouver.<br \/>\n<\/strong>Le jeu se joue en deux temps. Dans un premier temps<strong>, le joueur observe les cartes<\/strong> <strong>\u00ab mots \u00bb<\/strong>pr\u00e9sent\u00e9es sous la forme d&rsquo;un<strong> tableau de 8 rang\u00e9es de 9 cartes<\/strong>. Il<strong> cherche des mots<\/strong> qui contiennent les sons \u00e0 retrouver.<strong><br \/>\n<\/strong>Dans un deuxi\u00e8me temps,<strong> il devra retrouver ces cartes apr\u00e8s que toutes les cartes ont \u00e9t\u00e9 retourn\u00e9es.<br \/>\n<\/strong><br \/>\n<\/span><\/p>\n<p><span style=\"color: #ff5b72;\"><strong>COMPOSITION<\/strong><\/span><br \/>\n<span style=\"color: #ff5b72;\"><strong>Il est compos\u00e9<\/strong> de <strong>85 cartes<\/strong> de 2 types :<\/span><br \/>\n<span style=\"color: #ff5b72;\">D&rsquo;une part,<strong> 13 cartes \u00ab\u00a0Mission\u00a0\u00bb<\/strong> sur lesquelles sont mentionn\u00e9s les 4 sons \u00e0 retrouver dans des mots. D&rsquo;autre part, <strong>72 cartes<\/strong> sur lesquelles figurent des mots illustr\u00e9s contenant les sons <strong>f, v, s, t, d, p, b, m <\/strong>et<strong> n<\/strong><strong>.<\/strong> Il est \u00e0 noter qu&rsquo;<em>une seule graphie est utilis\u00e9e pour [f] et [s] et que certains mots peuvent contenir deux des sons demand\u00e9s. Dans ce cas, l&rsquo;enfant devra indiquer quel le son qu&rsquo;il choisit.<br \/>\n<\/em><\/span><\/p>\n<p><span style=\"color: #46acbf;\"><strong>OBJECTIFS<br \/>\n<\/strong>Ce jeu travaille la <strong>discrimination auditive<\/strong> (avec les oppositions <strong>[f][v], [t][d] et [b][p]<\/strong>) et <strong>visuelle<\/strong> ( <strong>d, b, p et m,n<\/strong>). Il aide \u00e0 consolider la compr\u00e9hension des liens entre langage oral et langage \u00e9crit. Cette nouvelle version demande, en outre, <span class=\"oi732d6d ik7dh3pa d2edcug0 hpfvmrgz qv66sw1b c1et5uql a8c37x1j keod5gw0 nxhoafnm aigsh9s9 d9wwppkn fe6kdd0r mau55g9w c8b282yb hrzyx87i jq4qci2q a3bd9o3v knj5qynh oo9gr5id hzawbc8m\" dir=\"auto\">un travail beaucoup plus soutenu au niveau de l\u2019attention, de la concentration et surtout de la m\u00e9morisation&#8230;<\/span><\/span><\/p>\n","protected":false},"excerpt":{"rendered":"<p>BUT DU JEU Il s&rsquo;agit de rep\u00e9rer puis de retrouver 4 cartes avec des crit\u00e8res donn\u00e9s. Chaque joueur re\u00e7oit en d\u00e9but de jeu une carte \u00ab\u00a0mission\u00a0\u00bb. Celle-ci lui indique les 4 sons \u00e0 retrouver. Le jeu se joue en deux temps. Dans un premier temps,&#8230;<\/p>\n","protected":false},"featured_media":3039,"comment_status":"open","ping_status":"closed","template":"","meta":{"give_campaign_id":0,"om_disable_all_campaigns":false,"_monsterinsights_skip_tracking":false,"_monsterinsights_sitenote_active":false,"_monsterinsights_sitenote_note":"","_monsterinsights_sitenote_category":0,"_uf_show_specific_survey":0,"_uf_disable_surveys":false},"product_brand":[],"product_cat":[106,147,98],"product_tag":[114,133,134,148],"class_list":{"0":"post-2071","1":"product","2":"type-product","3":"status-publish","4":"has-post-thumbnail","6":"product_cat-cp","7":"product_cat-jeux","8":"product_cat-jeux-autour-de-la-lecture","9":"product_tag-comprendre-les-relations-entre-loral-et-lecrit","10":"product_tag-discriminer-les-lettres-visuellement-proches","11":"product_tag-discriminer-les-sons-proches","12":"product_tag-memoriser","14":"first","15":"instock","16":"downloadable","17":"virtual","18":"purchasable","19":"product-type-simple"},"yoast_head":"<!-- This site is optimized with the Yoast SEO plugin v27.1.1 - https:\/\/yoast.com\/product\/yoast-seo-wordpress\/ -->\n<title>Les sons sonnent (version 2020) - Lire \u00e9crire compter<\/title>\n<meta name=\"description\" content=\"Ce jeu travaille la discrimination auditive et visuelle. Il s&#039;agit de rep\u00e9rer puis de retrouver 4 cartes avec des crit\u00e8res donn\u00e9s.\" \/>\n<meta name=\"robots\" content=\"index, follow, max-snippet:-1, max-image-preview:large, max-video-preview:-1\" \/>\n<link rel=\"canonical\" href=\"https:\/\/lire-ecrire-compter.com\/?product=les-sons-sonnent\" \/>\n<meta property=\"og:locale\" content=\"fr_FR\" \/>\n<meta property=\"og:type\" content=\"article\" \/>\n<meta property=\"og:title\" content=\"Les sons sonnent (version 2020) - Lire \u00e9crire compter\" \/>\n<meta property=\"og:description\" content=\"Ce jeu travaille la discrimination auditive et visuelle. Il s&#039;agit de rep\u00e9rer puis de retrouver 4 cartes avec des crit\u00e8res donn\u00e9s.\" \/>\n<meta property=\"og:url\" content=\"https:\/\/lire-ecrire-compter.com\/?product=les-sons-sonnent\" \/>\n<meta property=\"og:site_name\" content=\"Lire \u00e9crire compter\" \/>\n<meta property=\"article:modified_time\" content=\"2022-05-15T13:55:56+00:00\" \/>\n<meta property=\"og:image\" content=\"https:\/\/lire-ecrire-compter.com\/wp-content\/uploads\/2020\/09\/jeu_3-e1600346125971.jpg\" \/>\n\t<meta property=\"og:image:width\" content=\"1200\" \/>\n\t<meta property=\"og:image:height\" content=\"1200\" \/>\n\t<meta property=\"og:image:type\" content=\"image\/jpeg\" \/>\n<meta name=\"twitter:card\" content=\"summary_large_image\" \/>\n<meta name=\"twitter:label1\" content=\"Dur\u00e9e de lecture estim\u00e9e\" \/>\n\t<meta name=\"twitter:data1\" content=\"1 minute\" \/>\n<script type=\"application\/ld+json\" class=\"yoast-schema-graph\">{\"@context\":\"https:\/\/schema.org\",\"@graph\":[{\"@type\":\"WebPage\",\"@id\":\"https:\/\/lire-ecrire-compter.com\/?product=les-sons-sonnent\",\"url\":\"https:\/\/lire-ecrire-compter.com\/?product=les-sons-sonnent\",\"name\":\"Les sons sonnent (version 2020) - Lire \u00e9crire compter\",\"isPartOf\":{\"@id\":\"https:\/\/lire-ecrire-compter.com\/#website\"},\"primaryImageOfPage\":{\"@id\":\"https:\/\/lire-ecrire-compter.com\/?product=les-sons-sonnent#primaryimage\"},\"image\":{\"@id\":\"https:\/\/lire-ecrire-compter.com\/?product=les-sons-sonnent#primaryimage\"},\"thumbnailUrl\":\"https:\/\/lire-ecrire-compter.com\/wp-content\/uploads\/2020\/09\/jeu_3-e1600346125971.jpg\",\"datePublished\":\"2020-03-06T09:51:40+00:00\",\"dateModified\":\"2022-05-15T13:55:56+00:00\",\"description\":\"Ce jeu travaille la discrimination auditive et visuelle. Il s'agit de rep\u00e9rer puis de retrouver 4 cartes avec des crit\u00e8res donn\u00e9s.\",\"breadcrumb\":{\"@id\":\"https:\/\/lire-ecrire-compter.com\/?product=les-sons-sonnent#breadcrumb\"},\"inLanguage\":\"fr-FR\",\"potentialAction\":[{\"@type\":\"ReadAction\",\"target\":[\"https:\/\/lire-ecrire-compter.com\/?product=les-sons-sonnent\"]}]},{\"@type\":\"ImageObject\",\"inLanguage\":\"fr-FR\",\"@id\":\"https:\/\/lire-ecrire-compter.com\/?product=les-sons-sonnent#primaryimage\",\"url\":\"https:\/\/lire-ecrire-compter.com\/wp-content\/uploads\/2020\/09\/jeu_3-e1600346125971.jpg\",\"contentUrl\":\"https:\/\/lire-ecrire-compter.com\/wp-content\/uploads\/2020\/09\/jeu_3-e1600346125971.jpg\",\"width\":1200,\"height\":1200},{\"@type\":\"BreadcrumbList\",\"@id\":\"https:\/\/lire-ecrire-compter.com\/?product=les-sons-sonnent#breadcrumb\",\"itemListElement\":[{\"@type\":\"ListItem\",\"position\":1,\"name\":\"Accueil\",\"item\":\"https:\/\/lire-ecrire-compter.com\/\"},{\"@type\":\"ListItem\",\"position\":2,\"name\":\"La bo\u00eete \u00e0 jeux\",\"item\":\"https:\/\/lire-ecrire-compter.com\/?page_id=747\"},{\"@type\":\"ListItem\",\"position\":3,\"name\":\"Les sons sonnent (version 2020)\"}]},{\"@type\":\"WebSite\",\"@id\":\"https:\/\/lire-ecrire-compter.com\/#website\",\"url\":\"https:\/\/lire-ecrire-compter.com\/\",\"name\":\"Lire \u00e9crire compter\",\"description\":\"Jouer pour apprendre\",\"potentialAction\":[{\"@type\":\"SearchAction\",\"target\":{\"@type\":\"EntryPoint\",\"urlTemplate\":\"https:\/\/lire-ecrire-compter.com\/?s={search_term_string}\"},\"query-input\":{\"@type\":\"PropertyValueSpecification\",\"valueRequired\":true,\"valueName\":\"search_term_string\"}}],\"inLanguage\":\"fr-FR\"}]}<\/script>\n<!-- \/ Yoast SEO plugin. -->","yoast_head_json":{"title":"Les sons sonnent (version 2020) - Lire \u00e9crire compter","description":"Ce jeu travaille la discrimination auditive et visuelle. Il s'agit de rep\u00e9rer puis de retrouver 4 cartes avec des crit\u00e8res donn\u00e9s.","robots":{"index":"index","follow":"follow","max-snippet":"max-snippet:-1","max-image-preview":"max-image-preview:large","max-video-preview":"max-video-preview:-1"},"canonical":"https:\/\/lire-ecrire-compter.com\/?product=les-sons-sonnent","og_locale":"fr_FR","og_type":"article","og_title":"Les sons sonnent (version 2020) - Lire \u00e9crire compter","og_description":"Ce jeu travaille la discrimination auditive et visuelle. Il s'agit de rep\u00e9rer puis de retrouver 4 cartes avec des crit\u00e8res donn\u00e9s.","og_url":"https:\/\/lire-ecrire-compter.com\/?product=les-sons-sonnent","og_site_name":"Lire \u00e9crire compter","article_modified_time":"2022-05-15T13:55:56+00:00","og_image":[{"width":1200,"height":1200,"url":"https:\/\/lire-ecrire-compter.com\/wp-content\/uploads\/2020\/09\/jeu_3-e1600346125971.jpg","type":"image\/jpeg"}],"twitter_card":"summary_large_image","twitter_misc":{"Dur\u00e9e de lecture estim\u00e9e":"1 minute"},"schema":{"@context":"https:\/\/schema.org","@graph":[{"@type":"WebPage","@id":"https:\/\/lire-ecrire-compter.com\/?product=les-sons-sonnent","url":"https:\/\/lire-ecrire-compter.com\/?product=les-sons-sonnent","name":"Les sons sonnent (version 2020) - Lire \u00e9crire compter","isPartOf":{"@id":"https:\/\/lire-ecrire-compter.com\/#website"},"primaryImageOfPage":{"@id":"https:\/\/lire-ecrire-compter.com\/?product=les-sons-sonnent#primaryimage"},"image":{"@id":"https:\/\/lire-ecrire-compter.com\/?product=les-sons-sonnent#primaryimage"},"thumbnailUrl":"https:\/\/lire-ecrire-compter.com\/wp-content\/uploads\/2020\/09\/jeu_3-e1600346125971.jpg","datePublished":"2020-03-06T09:51:40+00:00","dateModified":"2022-05-15T13:55:56+00:00","description":"Ce jeu travaille la discrimination auditive et visuelle. Il s'agit de rep\u00e9rer puis de retrouver 4 cartes avec des crit\u00e8res donn\u00e9s.","breadcrumb":{"@id":"https:\/\/lire-ecrire-compter.com\/?product=les-sons-sonnent#breadcrumb"},"inLanguage":"fr-FR","potentialAction":[{"@type":"ReadAction","target":["https:\/\/lire-ecrire-compter.com\/?product=les-sons-sonnent"]}]},{"@type":"ImageObject","inLanguage":"fr-FR","@id":"https:\/\/lire-ecrire-compter.com\/?product=les-sons-sonnent#primaryimage","url":"https:\/\/lire-ecrire-compter.com\/wp-content\/uploads\/2020\/09\/jeu_3-e1600346125971.jpg","contentUrl":"https:\/\/lire-ecrire-compter.com\/wp-content\/uploads\/2020\/09\/jeu_3-e1600346125971.jpg","width":1200,"height":1200},{"@type":"BreadcrumbList","@id":"https:\/\/lire-ecrire-compter.com\/?product=les-sons-sonnent#breadcrumb","itemListElement":[{"@type":"ListItem","position":1,"name":"Accueil","item":"https:\/\/lire-ecrire-compter.com\/"},{"@type":"ListItem","position":2,"name":"La bo\u00eete \u00e0 jeux","item":"https:\/\/lire-ecrire-compter.com\/?page_id=747"},{"@type":"ListItem","position":3,"name":"Les sons sonnent (version 2020)"}]},{"@type":"WebSite","@id":"https:\/\/lire-ecrire-compter.com\/#website","url":"https:\/\/lire-ecrire-compter.com\/","name":"Lire \u00e9crire compter","description":"Jouer pour apprendre","potentialAction":[{"@type":"SearchAction","target":{"@type":"EntryPoint","urlTemplate":"https:\/\/lire-ecrire-compter.com\/?s={search_term_string}"},"query-input":{"@type":"PropertyValueSpecification","valueRequired":true,"valueName":"search_term_string"}}],"inLanguage":"fr-FR"}]}},"_links":{"self":[{"href":"https:\/\/lire-ecrire-compter.com\/index.php?rest_route=\/wp\/v2\/product\/2071","targetHints":{"allow":["GET"]}}],"collection":[{"href":"https:\/\/lire-ecrire-compter.com\/index.php?rest_route=\/wp\/v2\/product"}],"about":[{"href":"https:\/\/lire-ecrire-compter.com\/index.php?rest_route=\/wp\/v2\/types\/product"}],"replies":[{"embeddable":true,"href":"https:\/\/lire-ecrire-compter.com\/index.php?rest_route=%2Fwp%2Fv2%2Fcomments&post=2071"}],"wp:featuredmedia":[{"embeddable":true,"href":"https:\/\/lire-ecrire-compter.com\/index.php?rest_route=\/wp\/v2\/media\/3039"}],"wp:attachment":[{"href":"https:\/\/lire-ecrire-compter.com\/index.php?rest_route=%2Fwp%2Fv2%2Fmedia&parent=2071"}],"wp:term":[{"taxonomy":"product_brand","embeddable":true,"href":"https:\/\/lire-ecrire-compter.com\/index.php?rest_route=%2Fwp%2Fv2%2Fproduct_brand&post=2071"},{"taxonomy":"product_cat","embeddable":true,"href":"https:\/\/lire-ecrire-compter.com\/index.php?rest_route=%2Fwp%2Fv2%2Fproduct_cat&post=2071"},{"taxonomy":"product_tag","embeddable":true,"href":"https:\/\/lire-ecrire-compter.com\/index.php?rest_route=%2Fwp%2Fv2%2Fproduct_tag&post=2071"}],"curies":[{"name":"wp","href":"https:\/\/api.w.org\/{rel}","templated":true}]}}