{"id":2046,"date":"2020-03-06T10:51:17","date_gmt":"2020-03-06T09:51:17","guid":{"rendered":"https:\/\/lire-ecrire-compter.com\/?product=import-placeholder-for-621"},"modified":"2024-07-12T21:00:29","modified_gmt":"2024-07-12T19:00:29","slug":"le-train-de-lalphabet","status":"publish","type":"product","link":"https:\/\/lire-ecrire-compter.com\/?product=le-train-de-lalphabet","title":{"rendered":"Le train de l&rsquo;alphabet"},"content":{"rendered":"<p><span style=\"color: #92d001;\"><strong>BUT DU JEU<br \/>\n<\/strong>Il s&rsquo;agit de compl\u00e9ter les wagons du train avec des cartes-lettres. On ne peut placer qu&rsquo;une seule lettre dans chaque case fen\u00eatre du wagon. Soit celle en \u00e9criture scripte, soit celle en \u00e9criture cursive. Chaque carte plac\u00e9e permet d&rsquo;obtenir une vignette-locomotive. La carte qui compl\u00e8te enti\u00e8rement le wagon permet de gagner deux vignettes. Le gagnant est le joueur ayant obtenu le\u00a0 plus de vignettes.<\/span><\/p>\n<p><span style=\"color: #ff5b72;\"><strong>COMPOSITION<\/strong><\/span><br \/>\n<span style=\"color: #ff5b72;\"><strong>Ce jeu est compos\u00e9<\/strong> d&rsquo;un <strong>train <\/strong>comportant<strong> 1 locomotive <\/strong>et<strong> 7 wagons<\/strong> avec<strong> un socle <\/strong>permettant de les fixer droit sur une table ou autre support, de <strong>2 s\u00e9ries de 26 cartes-lettre<\/strong> (en \u00e9criture scripte et cursive) et de <strong>48 vignettes-locomotive. <\/strong>La police utilis\u00e9e pour l&rsquo;\u00e9criture scripte et l&rsquo;\u00e9criture majuscule d&rsquo;imprimerie est<strong> Open Dyslexic<\/strong>, celle de l&rsquo;\u00e9criture cursive,<strong> Scola cursive<\/strong>.<\/span><\/p>\n<p><span style=\"color: #46acbf;\"><strong>OBJECTIFS<br \/>\n<\/strong>Ce jeu aide \u00e0 <strong>apprendre les lettres dans diff\u00e9rentes graphies<\/strong> (majuscule d&rsquo;imprimerie, minuscule scripte et minuscule cursive) en s&rsquo;appuyant sur une image associ\u00e9e (la m\u00eame que dans l&rsquo;<a style=\"color: #46acbf;\" href=\"https:\/\/lire-ecrire-compter.com\/?p=233\">ab\u00e9c\u00e9daire<\/a> et que dans tous les jeux du site). Il aide \u00e0 l&rsquo;<strong>apprentissage de l&rsquo;alphabet<\/strong>. Il permet d&rsquo;entra\u00eener \u00e0 l&rsquo;<strong>identification <\/strong>et au<strong> rep\u00e9rage de similitudes<\/strong> : les plus jeunes peuvent, dans un premier temps, jouer en ne s&rsquo;appuyant que sur les images, \u00e0 la mani\u00e8re d&rsquo;un puzzle, <strong>m\u00e9morisant<\/strong> ainsi progressivement, par impr\u00e9gnation.<\/span><\/p>\n","protected":false},"excerpt":{"rendered":"<p>BUT DU JEU Il s&rsquo;agit de compl\u00e9ter les wagons du train avec des cartes-lettres. On ne peut placer qu&rsquo;une seule lettre dans chaque case fen\u00eatre du wagon. Soit celle en \u00e9criture scripte, soit celle en \u00e9criture cursive. Chaque carte plac\u00e9e permet d&rsquo;obtenir une vignette-locomotive. La&#8230;<\/p>\n","protected":false},"featured_media":2779,"comment_status":"open","ping_status":"closed","template":"","meta":{"give_campaign_id":0,"om_disable_all_campaigns":false,"_monsterinsights_skip_tracking":false,"_monsterinsights_sitenote_active":false,"_monsterinsights_sitenote_note":"","_monsterinsights_sitenote_category":0,"_uf_show_specific_survey":0,"_uf_disable_surveys":false},"product_brand":[],"product_cat":[147,98,121],"product_tag":[113,112],"class_list":{"0":"post-2046","1":"product","2":"type-product","3":"status-publish","4":"has-post-thumbnail","6":"product_cat-jeux","7":"product_cat-jeux-autour-de-la-lecture","8":"product_cat-ps-ms","9":"product_tag-memoriser-lalphabet","10":"product_tag-reconnaitre-et-nommer-les-lettres-dans-differentes-graphies","12":"first","13":"instock","14":"downloadable","15":"virtual","16":"purchasable","17":"product-type-simple"},"yoast_head":"<!-- This site is optimized with the Yoast SEO plugin v27.1.1 - https:\/\/yoast.com\/product\/yoast-seo-wordpress\/ -->\n<title>Le train de l&#039;alphabet - Lire \u00e9crire compter<\/title>\n<meta name=\"description\" content=\"Ce jeu de lecture aide \u00e0 apprendre les lettres dans diff\u00e9rentes graphies (majuscule d&#039;imprimerie, minuscule scripte et minuscule cursive) en s&#039;appuyant sur une image associ\u00e9e (la m\u00eame que dans l&#039;ab\u00e9c\u00e9daire et que dans tous les jeux du site). Il aide \u00e0 l&#039;apprentissage de l&#039;alphabet. Il permet d&#039;entra\u00eener \u00e0 l&#039;identification et au rep\u00e9rage de similitudes : les plus jeunes peuvent, dans un premier temps, jouer en ne s&#039;appuyant que sur les images, \u00e0 la mani\u00e8re d&#039;un puzzle, m\u00e9morisant ainsi progressivement, par impr\u00e9gnation.\" \/>\n<meta name=\"robots\" content=\"index, follow, max-snippet:-1, max-image-preview:large, max-video-preview:-1\" \/>\n<link rel=\"canonical\" href=\"https:\/\/lire-ecrire-compter.com\/?product=le-train-de-lalphabet\" \/>\n<meta property=\"og:locale\" content=\"fr_FR\" \/>\n<meta property=\"og:type\" content=\"article\" \/>\n<meta property=\"og:title\" content=\"Le train de l&#039;alphabet - Lire \u00e9crire compter\" \/>\n<meta property=\"og:description\" content=\"Ce jeu de lecture aide \u00e0 apprendre les lettres dans diff\u00e9rentes graphies (majuscule d&#039;imprimerie, minuscule scripte et minuscule cursive) en s&#039;appuyant sur une image associ\u00e9e (la m\u00eame que dans l&#039;ab\u00e9c\u00e9daire et que dans tous les jeux du site). Il aide \u00e0 l&#039;apprentissage de l&#039;alphabet. Il permet d&#039;entra\u00eener \u00e0 l&#039;identification et au rep\u00e9rage de similitudes : les plus jeunes peuvent, dans un premier temps, jouer en ne s&#039;appuyant que sur les images, \u00e0 la mani\u00e8re d&#039;un puzzle, m\u00e9morisant ainsi progressivement, par impr\u00e9gnation.\" \/>\n<meta property=\"og:url\" content=\"https:\/\/lire-ecrire-compter.com\/?product=le-train-de-lalphabet\" \/>\n<meta property=\"og:site_name\" content=\"Lire \u00e9crire compter\" \/>\n<meta property=\"article:modified_time\" content=\"2024-07-12T19:00:29+00:00\" \/>\n<meta property=\"og:image\" content=\"https:\/\/lire-ecrire-compter.com\/wp-content\/uploads\/2020\/03\/train-de-lalphabet-2_-e1574254584992-600x308-1.jpg\" \/>\n\t<meta property=\"og:image:width\" content=\"600\" \/>\n\t<meta property=\"og:image:height\" content=\"308\" \/>\n\t<meta property=\"og:image:type\" content=\"image\/jpeg\" \/>\n<meta name=\"twitter:card\" content=\"summary_large_image\" \/>\n<meta name=\"twitter:label1\" content=\"Dur\u00e9e de lecture estim\u00e9e\" \/>\n\t<meta name=\"twitter:data1\" content=\"2 minutes\" \/>\n<script type=\"application\/ld+json\" class=\"yoast-schema-graph\">{\"@context\":\"https:\/\/schema.org\",\"@graph\":[{\"@type\":\"WebPage\",\"@id\":\"https:\/\/lire-ecrire-compter.com\/?product=le-train-de-lalphabet\",\"url\":\"https:\/\/lire-ecrire-compter.com\/?product=le-train-de-lalphabet\",\"name\":\"Le train de l'alphabet - Lire \u00e9crire compter\",\"isPartOf\":{\"@id\":\"https:\/\/lire-ecrire-compter.com\/#website\"},\"primaryImageOfPage\":{\"@id\":\"https:\/\/lire-ecrire-compter.com\/?product=le-train-de-lalphabet#primaryimage\"},\"image\":{\"@id\":\"https:\/\/lire-ecrire-compter.com\/?product=le-train-de-lalphabet#primaryimage\"},\"thumbnailUrl\":\"https:\/\/lire-ecrire-compter.com\/wp-content\/uploads\/2020\/03\/train-de-lalphabet-2_-e1574254584992-600x308-1.jpg\",\"datePublished\":\"2020-03-06T09:51:17+00:00\",\"dateModified\":\"2024-07-12T19:00:29+00:00\",\"description\":\"Ce jeu de lecture aide \u00e0 apprendre les lettres dans diff\u00e9rentes graphies (majuscule d'imprimerie, minuscule scripte et minuscule cursive) en s'appuyant sur une image associ\u00e9e (la m\u00eame que dans l'ab\u00e9c\u00e9daire et que dans tous les jeux du site). Il aide \u00e0 l'apprentissage de l'alphabet. Il permet d'entra\u00eener \u00e0 l'identification et au rep\u00e9rage de similitudes : les plus jeunes peuvent, dans un premier temps, jouer en ne s'appuyant que sur les images, \u00e0 la mani\u00e8re d'un puzzle, m\u00e9morisant ainsi progressivement, par impr\u00e9gnation.\",\"breadcrumb\":{\"@id\":\"https:\/\/lire-ecrire-compter.com\/?product=le-train-de-lalphabet#breadcrumb\"},\"inLanguage\":\"fr-FR\",\"potentialAction\":[{\"@type\":\"ReadAction\",\"target\":[\"https:\/\/lire-ecrire-compter.com\/?product=le-train-de-lalphabet\"]}]},{\"@type\":\"ImageObject\",\"inLanguage\":\"fr-FR\",\"@id\":\"https:\/\/lire-ecrire-compter.com\/?product=le-train-de-lalphabet#primaryimage\",\"url\":\"https:\/\/lire-ecrire-compter.com\/wp-content\/uploads\/2020\/03\/train-de-lalphabet-2_-e1574254584992-600x308-1.jpg\",\"contentUrl\":\"https:\/\/lire-ecrire-compter.com\/wp-content\/uploads\/2020\/03\/train-de-lalphabet-2_-e1574254584992-600x308-1.jpg\",\"width\":600,\"height\":308},{\"@type\":\"BreadcrumbList\",\"@id\":\"https:\/\/lire-ecrire-compter.com\/?product=le-train-de-lalphabet#breadcrumb\",\"itemListElement\":[{\"@type\":\"ListItem\",\"position\":1,\"name\":\"Accueil\",\"item\":\"https:\/\/lire-ecrire-compter.com\/\"},{\"@type\":\"ListItem\",\"position\":2,\"name\":\"La bo\u00eete \u00e0 jeux\",\"item\":\"https:\/\/lire-ecrire-compter.com\/?page_id=747\"},{\"@type\":\"ListItem\",\"position\":3,\"name\":\"Le train de l&rsquo;alphabet\"}]},{\"@type\":\"WebSite\",\"@id\":\"https:\/\/lire-ecrire-compter.com\/#website\",\"url\":\"https:\/\/lire-ecrire-compter.com\/\",\"name\":\"Lire \u00e9crire compter\",\"description\":\"Jouer pour apprendre\",\"potentialAction\":[{\"@type\":\"SearchAction\",\"target\":{\"@type\":\"EntryPoint\",\"urlTemplate\":\"https:\/\/lire-ecrire-compter.com\/?s={search_term_string}\"},\"query-input\":{\"@type\":\"PropertyValueSpecification\",\"valueRequired\":true,\"valueName\":\"search_term_string\"}}],\"inLanguage\":\"fr-FR\"}]}<\/script>\n<!-- \/ Yoast SEO plugin. -->","yoast_head_json":{"title":"Le train de l'alphabet - Lire \u00e9crire compter","description":"Ce jeu de lecture aide \u00e0 apprendre les lettres dans diff\u00e9rentes graphies (majuscule d'imprimerie, minuscule scripte et minuscule cursive) en s'appuyant sur une image associ\u00e9e (la m\u00eame que dans l'ab\u00e9c\u00e9daire et que dans tous les jeux du site). Il aide \u00e0 l'apprentissage de l'alphabet. Il permet d'entra\u00eener \u00e0 l'identification et au rep\u00e9rage de similitudes : les plus jeunes peuvent, dans un premier temps, jouer en ne s'appuyant que sur les images, \u00e0 la mani\u00e8re d'un puzzle, m\u00e9morisant ainsi progressivement, par impr\u00e9gnation.","robots":{"index":"index","follow":"follow","max-snippet":"max-snippet:-1","max-image-preview":"max-image-preview:large","max-video-preview":"max-video-preview:-1"},"canonical":"https:\/\/lire-ecrire-compter.com\/?product=le-train-de-lalphabet","og_locale":"fr_FR","og_type":"article","og_title":"Le train de l'alphabet - Lire \u00e9crire compter","og_description":"Ce jeu de lecture aide \u00e0 apprendre les lettres dans diff\u00e9rentes graphies (majuscule d'imprimerie, minuscule scripte et minuscule cursive) en s'appuyant sur une image associ\u00e9e (la m\u00eame que dans l'ab\u00e9c\u00e9daire et que dans tous les jeux du site). Il aide \u00e0 l'apprentissage de l'alphabet. Il permet d'entra\u00eener \u00e0 l'identification et au rep\u00e9rage de similitudes : les plus jeunes peuvent, dans un premier temps, jouer en ne s'appuyant que sur les images, \u00e0 la mani\u00e8re d'un puzzle, m\u00e9morisant ainsi progressivement, par impr\u00e9gnation.","og_url":"https:\/\/lire-ecrire-compter.com\/?product=le-train-de-lalphabet","og_site_name":"Lire \u00e9crire compter","article_modified_time":"2024-07-12T19:00:29+00:00","og_image":[{"width":600,"height":308,"url":"https:\/\/lire-ecrire-compter.com\/wp-content\/uploads\/2020\/03\/train-de-lalphabet-2_-e1574254584992-600x308-1.jpg","type":"image\/jpeg"}],"twitter_card":"summary_large_image","twitter_misc":{"Dur\u00e9e de lecture estim\u00e9e":"2 minutes"},"schema":{"@context":"https:\/\/schema.org","@graph":[{"@type":"WebPage","@id":"https:\/\/lire-ecrire-compter.com\/?product=le-train-de-lalphabet","url":"https:\/\/lire-ecrire-compter.com\/?product=le-train-de-lalphabet","name":"Le train de l'alphabet - Lire \u00e9crire compter","isPartOf":{"@id":"https:\/\/lire-ecrire-compter.com\/#website"},"primaryImageOfPage":{"@id":"https:\/\/lire-ecrire-compter.com\/?product=le-train-de-lalphabet#primaryimage"},"image":{"@id":"https:\/\/lire-ecrire-compter.com\/?product=le-train-de-lalphabet#primaryimage"},"thumbnailUrl":"https:\/\/lire-ecrire-compter.com\/wp-content\/uploads\/2020\/03\/train-de-lalphabet-2_-e1574254584992-600x308-1.jpg","datePublished":"2020-03-06T09:51:17+00:00","dateModified":"2024-07-12T19:00:29+00:00","description":"Ce jeu de lecture aide \u00e0 apprendre les lettres dans diff\u00e9rentes graphies (majuscule d'imprimerie, minuscule scripte et minuscule cursive) en s'appuyant sur une image associ\u00e9e (la m\u00eame que dans l'ab\u00e9c\u00e9daire et que dans tous les jeux du site). Il aide \u00e0 l'apprentissage de l'alphabet. Il permet d'entra\u00eener \u00e0 l'identification et au rep\u00e9rage de similitudes : les plus jeunes peuvent, dans un premier temps, jouer en ne s'appuyant que sur les images, \u00e0 la mani\u00e8re d'un puzzle, m\u00e9morisant ainsi progressivement, par impr\u00e9gnation.","breadcrumb":{"@id":"https:\/\/lire-ecrire-compter.com\/?product=le-train-de-lalphabet#breadcrumb"},"inLanguage":"fr-FR","potentialAction":[{"@type":"ReadAction","target":["https:\/\/lire-ecrire-compter.com\/?product=le-train-de-lalphabet"]}]},{"@type":"ImageObject","inLanguage":"fr-FR","@id":"https:\/\/lire-ecrire-compter.com\/?product=le-train-de-lalphabet#primaryimage","url":"https:\/\/lire-ecrire-compter.com\/wp-content\/uploads\/2020\/03\/train-de-lalphabet-2_-e1574254584992-600x308-1.jpg","contentUrl":"https:\/\/lire-ecrire-compter.com\/wp-content\/uploads\/2020\/03\/train-de-lalphabet-2_-e1574254584992-600x308-1.jpg","width":600,"height":308},{"@type":"BreadcrumbList","@id":"https:\/\/lire-ecrire-compter.com\/?product=le-train-de-lalphabet#breadcrumb","itemListElement":[{"@type":"ListItem","position":1,"name":"Accueil","item":"https:\/\/lire-ecrire-compter.com\/"},{"@type":"ListItem","position":2,"name":"La bo\u00eete \u00e0 jeux","item":"https:\/\/lire-ecrire-compter.com\/?page_id=747"},{"@type":"ListItem","position":3,"name":"Le train de l&rsquo;alphabet"}]},{"@type":"WebSite","@id":"https:\/\/lire-ecrire-compter.com\/#website","url":"https:\/\/lire-ecrire-compter.com\/","name":"Lire \u00e9crire compter","description":"Jouer pour apprendre","potentialAction":[{"@type":"SearchAction","target":{"@type":"EntryPoint","urlTemplate":"https:\/\/lire-ecrire-compter.com\/?s={search_term_string}"},"query-input":{"@type":"PropertyValueSpecification","valueRequired":true,"valueName":"search_term_string"}}],"inLanguage":"fr-FR"}]}},"_links":{"self":[{"href":"https:\/\/lire-ecrire-compter.com\/index.php?rest_route=\/wp\/v2\/product\/2046","targetHints":{"allow":["GET"]}}],"collection":[{"href":"https:\/\/lire-ecrire-compter.com\/index.php?rest_route=\/wp\/v2\/product"}],"about":[{"href":"https:\/\/lire-ecrire-compter.com\/index.php?rest_route=\/wp\/v2\/types\/product"}],"replies":[{"embeddable":true,"href":"https:\/\/lire-ecrire-compter.com\/index.php?rest_route=%2Fwp%2Fv2%2Fcomments&post=2046"}],"wp:featuredmedia":[{"embeddable":true,"href":"https:\/\/lire-ecrire-compter.com\/index.php?rest_route=\/wp\/v2\/media\/2779"}],"wp:attachment":[{"href":"https:\/\/lire-ecrire-compter.com\/index.php?rest_route=%2Fwp%2Fv2%2Fmedia&parent=2046"}],"wp:term":[{"taxonomy":"product_brand","embeddable":true,"href":"https:\/\/lire-ecrire-compter.com\/index.php?rest_route=%2Fwp%2Fv2%2Fproduct_brand&post=2046"},{"taxonomy":"product_cat","embeddable":true,"href":"https:\/\/lire-ecrire-compter.com\/index.php?rest_route=%2Fwp%2Fv2%2Fproduct_cat&post=2046"},{"taxonomy":"product_tag","embeddable":true,"href":"https:\/\/lire-ecrire-compter.com\/index.php?rest_route=%2Fwp%2Fv2%2Fproduct_tag&post=2046"}],"curies":[{"name":"wp","href":"https:\/\/api.w.org\/{rel}","templated":true}]}}